{"id":1404,"date":"2018-02-08T08:55:51","date_gmt":"2018-02-08T08:55:51","guid":{"rendered":"http:\/\/tmfwarszawa.pl\/?page_id=1404"},"modified":"2018-08-02T23:49:21","modified_gmt":"2018-08-02T23:49:21","slug":"wyniki-2018","status":"publish","type":"page","link":"https:\/\/tmfwarszawa.pl\/index.php\/wyniki-2018\/","title":{"rendered":"Wyniki 2018"},"content":{"rendered":"<h4>Fina\u0142y mi\u0119dzynarodowe &#8211; IYPT 2018<\/h4>\n<p>Pekin (19 &#8211; 26 lipca)<\/p>\n<p>Polska dru\u017cyna reprezentowana przez\u00a0<strong>Klub Naukowy Fenix\u00a0<\/strong>wywalczy\u0142a\u00a0<strong>srebrny\u00a0<\/strong>medal podczas zawod\u00f3w mi\u0119dzynarodowych turnieju m\u0142odych fizyk\u00f3w, kt\u00f3ry odby\u0142 si\u0119 w Pekinie. Zawody trwa\u0142y 7 dni i sk\u0142ada\u0142y si\u0119 z 5 potyczek, uczestniczy\u0142y w nich 32 kraje.<\/p>\n<h4>Fina\u0142y polskie<\/h4>\n<p>Warszawa (14 kwietnia):<\/p>\n<table  class=\" table table-hover\" >\n<tbody>\n<tr>\n<th>Miejsce<\/th>\n<th>Dru\u017cyna<\/th>\n<th>Punkty<\/th>\n<\/tr>\n<tr>\n<td>1<\/td>\n<td>Klub Naukowy Fenix w Warszawie<\/td>\n<td>98.5<\/td>\n<\/tr>\n<tr>\n<td>2<\/td>\n<td>Klub Naukowy Nikiel w Gda\u0144sku<\/td>\n<td>94.0<\/td>\n<\/tr>\n<tr>\n<td>3<\/td>\n<td>Zesp\u00f3\u0142 Szko\u0142 Og\u00f3lnokszta\u0142c\u0105cych Nr 5 we Wroc\u0142awiu<\/td>\n<td>74.5<\/td>\n<\/tr>\n<tr>\n<td>4<\/td>\n<td>Liceum Og\u00f3lnokszta\u0142c\u0105ce im. Adama Mickiewicza w Poznaniu<\/td>\n<td>59.0<\/td>\n<\/tr>\n<\/tbody>\n<\/table>\n<h4>P\u00f3\u0142fina\u0142y<\/h4>\n<p>Warszawa (10 marca):<\/p>\n<table  class=\" table table-hover\" >\n<tbody>\n<tr>\n<th>Miejsce<\/th>\n<th>Dru\u017cyna<\/th>\n<th>Punkty<\/th>\n<\/tr>\n<tr>\n<td>1<\/td>\n<td>Klub Naukowy Fenix w Warszawie<\/td>\n<td>87.4<\/td>\n<\/tr>\n<tr>\n<td>2<\/td>\n<td>Klub Naukowy Nikiel w Gda\u0144sku<\/td>\n<td>85.7<\/td>\n<\/tr>\n<tr>\n<td>3<\/td>\n<td>ZS UMK Gimnazjum i Liceum Akademickie w Toruniu<\/td>\n<td>77.4<\/td>\n<\/tr>\n<tr>\n<td>4<\/td>\n<td>I Liceum Og\u00f3lnokszta\u0142c\u0105ce im. Boles\u0142awa Krzywoustego w S\u0142upsku<\/td>\n<td>63.4<\/td>\n<\/tr>\n<\/tbody>\n<\/table>\n<p>Wroc\u0142aw (17 marca):<\/p>\n<table  class=\" table table-hover\" >\n<tbody>\n<tr>\n<th>Miejsce<\/th>\n<th>Dru\u017cyna<\/th>\n<th>Punkty<\/th>\n<\/tr>\n<tr>\n<td>1<\/td>\n<td>Liceum Og\u00f3lnokszta\u0142c\u0105ce im. Adama Mickiewicza w Poznaniu<\/td>\n<td>89.2<\/td>\n<\/tr>\n<tr>\n<td>2<\/td>\n<td>Zesp\u00f3\u0142 Szk\u00f3\u0142 Og\u00f3lnokszta\u0142c\u0105cych Nr 5 we Wroc\u0142awiu<\/td>\n<td>88.9<\/td>\n<\/tr>\n<tr>\n<td>3<\/td>\n<td>Liceum Og\u00f3lnokszta\u0142c\u0105ce im. Ziemi Kujawskiej we W\u0142oc\u0142awku<\/td>\n<td>80.8<\/td>\n<\/tr>\n<tr>\n<td>4<\/td>\n<td>Zesp\u00f3\u0142 Szk\u00f3\u0142 Og\u00f3lnokszta\u0142c\u0105cych Nr 5 we Wroc\u0142awiu<\/td>\n<td>40.1*<\/td>\n<\/tr>\n<tr>\n<td>4<\/td>\n<td>Zesp\u00f3\u0142 Szk\u00f3\u0142 Og\u00f3lnokszta\u0142c\u0105cych Nr 5 we Wroc\u0142awiu<\/td>\n<td>34.9*<\/td>\n<\/tr>\n<\/tbody>\n<\/table>\n<p>*zesp\u00f3\u0142 uczestniczy\u0142 tylko w jednej z dwoch potyczek zawod\u00f3w<\/p>\n<h4>Etap korespondencyjny (15 stycznia)<\/h4>\n<p>Wyniki okr\u0119gu <strong>Warszawskiego<\/strong>:<\/p>\n<table  class=\" table table-hover\" >\n<tbody>\n<tr>\n<th>God\u0142o<\/th>\n<th>Dru\u017cyna<\/th>\n<th>Punkty<\/th>\n<th>Miejsce<\/th>\n<\/tr>\n<tr>\n<td>Fenix<\/td>\n<td>Klub Naukowy Fenix w Warszawie<\/td>\n<td>137<\/td>\n<td>1<\/td>\n<\/tr>\n<tr>\n<td>Nikiel<\/td>\n<td>Klub Naukowy Nikiel w Gda\u0144sku<\/td>\n<td>119<\/td>\n<td>2<\/td>\n<\/tr>\n<tr>\n<td>KNFTorun<\/td>\n<td>ZS UMK Gimnazjum i Liceum Akademickie w Toruniu<\/td>\n<td>101<\/td>\n<td>3<\/td>\n<\/tr>\n<tr>\n<td>Sobieski6<\/td>\n<td>Zesp\u00f3\u0142 Szk\u00f3\u0142 Nr 6 im. Jana III Sobieskiego w Jastrz\u0119biu &#8211; Zdroju<\/td>\n<td>77<\/td>\n<td>4<\/td>\n<\/tr>\n<tr>\n<td>BROZISLAWY<\/td>\n<td>I Liceum Og\u00f3lnokszta\u0142c\u0105ce im. Boles\u0142awa Krzywoustego w S\u0142upsku<\/td>\n<td>72<\/td>\n<td>5<\/td>\n<\/tr>\n<tr>\n<td>RyzykFizyk<\/td>\n<td>Liceum Og\u00f3lnokszta\u0142c\u0105ce im. Janka Bytnara w Kolbuszowej<\/td>\n<td>45<\/td>\n<td>6<\/td>\n<\/tr>\n<\/tbody>\n<\/table>\n<p>Wyniki okr\u0119gu <strong>Wroc\u0142awskiego<\/strong>:<\/p>\n<table  class=\" table table-hover\" >\n<tbody>\n<tr>\n<th>God\u0142o<\/th>\n<th>Dru\u017cyna<\/th>\n<th>Punkty<\/th>\n<th>Miejsce<\/th>\n<\/tr>\n<tr>\n<td>CB2G2F<\/td>\n<td>Zesp\u00f3\u0142 Szko\u0142 Og\u00f3lnokszta\u0142c\u0105cych Nr 5 we Wroc\u0142awiu<\/td>\n<td>112<\/td>\n<td>1<\/td>\n<\/tr>\n<tr>\n<td>BRHS5JJ<\/td>\n<td>Zesp\u00f3\u0142 Szko\u0142 Og\u00f3lnokszta\u0142c\u0105cych Nr 5 we Wroc\u0142awiu<\/td>\n<td>99<\/td>\n<td>2<\/td>\n<\/tr>\n<tr>\n<td>LOVE2<\/td>\n<td>Zesp\u00f3\u0142 Szko\u0142 Og\u00f3lnokszta\u0142c\u0105cych Nr 5 we Wroc\u0142awiu<\/td>\n<td>86<\/td>\n<td>3<\/td>\n<\/tr>\n<tr>\n<td>LZK2018<\/td>\n<td>Liceum Og\u00f3lnokszta\u0142c\u0105ce im. Ziemi Kujawskiej we W\u0142oc\u0142awku<\/td>\n<td>71<\/td>\n<td>4<\/td>\n<\/tr>\n<tr>\n<td>lOSIEM<\/td>\n<td>VIII Liceum Og\u00f3lnokszta\u0142c\u0105ce im. Adama Mickiewicza w Poznaniu<\/td>\n<td>63<\/td>\n<td>5<\/td>\n<\/tr>\n<\/tbody>\n<\/table>\n<p>Do zawod\u00f3w p\u00f3\u0142fina\u0142owych Turnieju M\u0142odych Fizyk\u00f3w zosta\u0142y zakwalifikowane dru\u017cyny, kt\u00f3re zaj\u0119\u0142y miejsca 1 do 5 w ka\u017cdym z okr\u0119g\u00f3w <\/p>\n","protected":false},"excerpt":{"rendered":"<p>Fina\u0142y mi\u0119dzynarodowe &#8211; IYPT 2018 Pekin (19 &#8211; 26 lipca) Polska dru\u017cyna reprezentowana przez\u00a0Klub Naukowy Fenix\u00a0wywalczy\u0142a\u00a0srebrny\u00a0medal podczas zawod\u00f3w mi\u0119dzynarodowych turnieju m\u0142odych fizyk\u00f3w, kt\u00f3ry odby\u0142 si\u0119 w Pekinie. Zawody trwa\u0142y 7 dni i sk\u0142ada\u0142y si\u0119 z 5 potyczek, uczestniczy\u0142y w nich 32 kraje. Fina\u0142y polskie Warszawa (14 kwietnia): Miejsce Dru\u017cyna Punkty 1 Klub Naukowy Fenix w [&hellip;]<\/p>\n","protected":false},"author":1,"featured_media":0,"parent":0,"menu_order":0,"comment_status":"closed","ping_status":"closed","template":"","meta":{"jetpack_post_was_ever_published":false,"footnotes":""},"class_list":["post-1404","page","type-page","status-publish","hentry"],"jetpack_sharing_enabled":true,"jetpack_shortlink":"https:\/\/wp.me\/P4R8YU-mE","jetpack-related-posts":[],"jetpack_likes_enabled":true,"_links":{"self":[{"href":"https:\/\/tmfwarszawa.pl\/index.php\/wp-json\/wp\/v2\/pages\/1404","targetHints":{"allow":["GET"]}}],"collection":[{"href":"https:\/\/tmfwarszawa.pl\/index.php\/wp-json\/wp\/v2\/pages"}],"about":[{"href":"https:\/\/tmfwarszawa.pl\/index.php\/wp-json\/wp\/v2\/types\/page"}],"author":[{"embeddable":true,"href":"https:\/\/tmfwarszawa.pl\/index.php\/wp-json\/wp\/v2\/users\/1"}],"replies":[{"embeddable":true,"href":"https:\/\/tmfwarszawa.pl\/index.php\/wp-json\/wp\/v2\/comments?post=1404"}],"version-history":[{"count":5,"href":"https:\/\/tmfwarszawa.pl\/index.php\/wp-json\/wp\/v2\/pages\/1404\/revisions"}],"predecessor-version":[{"id":1444,"href":"https:\/\/tmfwarszawa.pl\/index.php\/wp-json\/wp\/v2\/pages\/1404\/revisions\/1444"}],"wp:attachment":[{"href":"https:\/\/tmfwarszawa.pl\/index.php\/wp-json\/wp\/v2\/media?parent=1404"}],"curies":[{"name":"wp","href":"https:\/\/api.w.org\/{rel}","templated":true}]}}