{"id":1732,"date":"2020-02-10T20:39:39","date_gmt":"2020-02-10T20:39:39","guid":{"rendered":"http:\/\/tmfwarszawa.pl\/?page_id=1732"},"modified":"2020-03-07T20:12:50","modified_gmt":"2020-03-07T20:12:50","slug":"wyniki-2020","status":"publish","type":"page","link":"https:\/\/tmfwarszawa.pl\/index.php\/wyniki-2020\/","title":{"rendered":"Wyniki 2020"},"content":{"rendered":"<h4>P\u00f3\u0142fina\u0142y:<\/h4>\n<h5>Warszawa (29 lutego):<\/h5>\n<table  class=\" table table-hover\" >\n<tbody>\n<tr>\n<td><strong>Miejsce<\/strong><\/td>\n<td><strong>God\u0142o<\/strong><\/td>\n<td><strong>Nazwa<\/strong> <strong>dru\u017cyny<\/strong><\/td>\n<td><strong>Punkty<\/strong><\/td>\n<\/tr>\n<tr>\n<td style=\"text-align: center;\">1<\/td>\n<td style=\"text-align: center;\">KNF<\/td>\n<td>ZS UMK Gimnazjum i Liceum Akademickie w Toruniu<\/td>\n<td style=\"text-align: center;\">88.0<\/td>\n<\/tr>\n<tr>\n<td style=\"text-align: center;\">2<\/td>\n<td style=\"text-align: center;\">Fenix<\/td>\n<td>Klub Naukowy Fenix w Warszawie<\/td>\n<td style=\"text-align: center;\">84.9<\/td>\n<\/tr>\n<tr>\n<td style=\"text-align: center;\">3<\/td>\n<td style=\"text-align: center;\">DankMatter<\/td>\n<td>XIII Liceum Og\u00f3lnokszta\u0142c\u0105ce w Szczecinie<\/td>\n<td style=\"text-align: center;\">80.1<\/td>\n<\/tr>\n<tr>\n<td style=\"text-align: center;\">4<\/td>\n<td style=\"text-align: center;\">LZK2020<\/td>\n<td>I Liceum Og\u00f3lnokszta\u0142c\u0105ce im. Ziemi Kujawskiej we W\u0142oc\u0142awku<\/td>\n<td style=\"text-align: center;\">68.9<\/td>\n<\/tr>\n<\/tbody>\n<\/table>\n<h5>Wroc\u0142aw (7 marca):<\/h5>\n<table  class=\" table table-hover\" >\n<tbody>\n<tr>\n<td><strong>Miejsce<\/strong><\/td>\n<td><strong>God\u0142o<\/strong><\/td>\n<td><strong>Nazwa<\/strong> <strong>dru\u017cyny<\/strong><\/td>\n<td><strong>Punkty<\/strong><\/td>\n<\/tr>\n<tr>\n<td style=\"text-align: center;\">1<\/td>\n<td style=\"text-align: center;\">SOLARIS<\/td>\n<td>V Liceum Og\u00f3lnokszta\u0142c\u0105ce im. Augusta Witkowskiego w Krakowie<\/td>\n<td style=\"text-align: center;\">83.7<\/td>\n<\/tr>\n<tr>\n<td style=\"text-align: center;\">2<\/td>\n<td style=\"text-align: center;\">POLA2020<\/td>\n<td>Akademickie Liceum Og\u00f3lnokszta\u0142c\u0105ce PWr we Wroc\u0142awiu<\/td>\n<td style=\"text-align: center;\">80.9<\/td>\n<\/tr>\n<tr>\n<td style=\"text-align: center;\">3<\/td>\n<td style=\"text-align: center;\">Varanus7<\/td>\n<td>VII Liceum Og\u00f3lnokszta\u0142c\u0105ce im. D\u0105br\u00f3wki w Poznaniu<\/td>\n<td style=\"text-align: center;\">78.5<\/td>\n<\/tr>\n<tr>\n<td style=\"text-align: center;\">4<\/td>\n<td style=\"text-align: center;\">barbakan<\/td>\n<td>Klub Amator\u00f3w Odkrywc\u00f3w Nauki KAON w Bieczu<\/td>\n<td style=\"text-align: center;\">57.3<\/td>\n<\/tr>\n<\/tbody>\n<\/table>\n<p>Do zawod\u00f3w fina\u0142owych zosta\u0142y zakwalifikowane dwie najlepsze dru\u017cyny z ka\u017cdego p\u00f3\u0142fina\u0142u.<\/p>\n<h4>Etap korespondencyjny (15 stycznia):<\/h4>\n<table  class=\" table table-hover\" >\n<tbody>\n<tr>\n<td><strong>Miejsce<\/strong><\/td>\n<td><strong>God\u0142o<\/strong><\/td>\n<td><strong>Nazwa<\/strong> <strong>dru\u017cyny<\/strong><\/td>\n<td><strong>Punkty<\/strong><\/td>\n<\/tr>\n<tr>\n<td style=\"text-align: center;\">1<\/td>\n<td style=\"text-align: center;\">Fenix<\/td>\n<td>Klub Naukowy Fenix w Warszawie<\/td>\n<td style=\"text-align: center;\">151<\/td>\n<\/tr>\n<tr>\n<td style=\"text-align: center;\">2<\/td>\n<td style=\"text-align: center;\">Varanus7<\/td>\n<td>VII Liceum Og\u00f3lnokszta\u0142c\u0105ce im. D\u0105br\u00f3wki w Poznaniu<\/td>\n<td style=\"text-align: center;\">122<\/td>\n<\/tr>\n<tr>\n<td style=\"text-align: center;\">3<\/td>\n<td style=\"text-align: center;\">barbakan<\/td>\n<td>Klub Amator\u00f3w Odkrywc\u00f3w Nauki KAON w Bieczu<\/td>\n<td style=\"text-align: center;\">99<\/td>\n<\/tr>\n<tr>\n<td style=\"text-align: center;\">4<\/td>\n<td style=\"text-align: center;\">POLA2020<\/td>\n<td>Akademickie Liceum Og\u00f3lnokszta\u0142c\u0105ce PWr we Wroc\u0142awiu<\/td>\n<td style=\"text-align: center;\">89<\/td>\n<\/tr>\n<tr>\n<td style=\"text-align: center;\">5<\/td>\n<td style=\"text-align: center;\">DankMatter<\/td>\n<td>XIII Liceum Og\u00f3lnokszta\u0142c\u0105ce w Szczecinie<\/td>\n<td style=\"text-align: center;\">86<\/td>\n<\/tr>\n<tr>\n<td style=\"text-align: center;\">6<\/td>\n<td style=\"text-align: center;\">SOLARIS<\/td>\n<td>V Liceum Og\u00f3lnokszta\u0142c\u0105ce im. Augusta Witkowskiego w Krakowie<\/td>\n<td style=\"text-align: center;\">85<\/td>\n<\/tr>\n<tr>\n<td style=\"text-align: center;\">7<\/td>\n<td style=\"text-align: center;\">LZK2020<\/td>\n<td>I Liceum Og\u00f3lnokszta\u0142c\u0105ce im. Ziemi Kujawskiej we W\u0142oc\u0142awku<\/td>\n<td style=\"text-align: center;\">65<\/td>\n<\/tr>\n<tr>\n<td style=\"text-align: center;\">8<\/td>\n<td style=\"text-align: center;\">KNF<\/td>\n<td>IV Liceum Og\u00f3lnokszta\u0142c\u0105ce im. Tadeusza Ko\u015bciuszki w Toruniu<\/td>\n<td style=\"text-align: center;\">58<\/td>\n<\/tr>\n<tr>\n<td style=\"text-align: center;\">9<\/td>\n<td style=\"text-align: center;\">Wojownicy<\/td>\n<td>I Liceum Og\u00f3lnokszta\u0142c\u0105ce im. Boles\u0142awa Krzywoustego w S\u0142upsku<\/td>\n<td style=\"text-align: center;\">57<\/td>\n<\/tr>\n<tr>\n<td style=\"text-align: center;\">10<\/td>\n<td style=\"text-align: center;\">Nikiel<\/td>\n<td>VIII Liceum Og\u00f3lnokszta\u0142c\u0105ce im. KEN w Gda\u0144sku<\/td>\n<td style=\"text-align: center;\">52<\/td>\n<\/tr>\n<tr>\n<td style=\"text-align: center;\">11<\/td>\n<td style=\"text-align: center;\">Wolfram<\/td>\n<td>Liceum Og\u00f3lnokszta\u0142c\u0105ce nr IX im. J. S\u0142owackiego we Wroc\u0142awiu<\/td>\n<td style=\"text-align: center;\">20<\/td>\n<\/tr>\n<\/tbody>\n<\/table>\n<p>Do zawod\u00f3w p\u00f3\u0142fina\u0142owych zosta\u0142o zakwalifikowane osiem najlepszych dru\u017cyn.<\/p>\n","protected":false},"excerpt":{"rendered":"<p>P\u00f3\u0142fina\u0142y: Warszawa (29 lutego): Miejsce God\u0142o Nazwa dru\u017cyny Punkty 1 KNF ZS UMK Gimnazjum i Liceum Akademickie w Toruniu 88.0 2 Fenix Klub Naukowy Fenix w Warszawie 84.9 3 DankMatter XIII Liceum Og\u00f3lnokszta\u0142c\u0105ce w Szczecinie 80.1 4 LZK2020 I Liceum Og\u00f3lnokszta\u0142c\u0105ce im. Ziemi Kujawskiej we W\u0142oc\u0142awku 68.9 Wroc\u0142aw (7 marca): Miejsce God\u0142o Nazwa dru\u017cyny Punkty [&hellip;]<\/p>\n","protected":false},"author":1,"featured_media":0,"parent":0,"menu_order":0,"comment_status":"closed","ping_status":"closed","template":"","meta":{"jetpack_post_was_ever_published":false,"footnotes":""},"class_list":["post-1732","page","type-page","status-publish","hentry"],"jetpack_sharing_enabled":true,"jetpack_shortlink":"https:\/\/wp.me\/P4R8YU-rW","jetpack-related-posts":[],"jetpack_likes_enabled":true,"_links":{"self":[{"href":"https:\/\/tmfwarszawa.pl\/index.php\/wp-json\/wp\/v2\/pages\/1732","targetHints":{"allow":["GET"]}}],"collection":[{"href":"https:\/\/tmfwarszawa.pl\/index.php\/wp-json\/wp\/v2\/pages"}],"about":[{"href":"https:\/\/tmfwarszawa.pl\/index.php\/wp-json\/wp\/v2\/types\/page"}],"author":[{"embeddable":true,"href":"https:\/\/tmfwarszawa.pl\/index.php\/wp-json\/wp\/v2\/users\/1"}],"replies":[{"embeddable":true,"href":"https:\/\/tmfwarszawa.pl\/index.php\/wp-json\/wp\/v2\/comments?post=1732"}],"version-history":[{"count":2,"href":"https:\/\/tmfwarszawa.pl\/index.php\/wp-json\/wp\/v2\/pages\/1732\/revisions"}],"predecessor-version":[{"id":1757,"href":"https:\/\/tmfwarszawa.pl\/index.php\/wp-json\/wp\/v2\/pages\/1732\/revisions\/1757"}],"wp:attachment":[{"href":"https:\/\/tmfwarszawa.pl\/index.php\/wp-json\/wp\/v2\/media?parent=1732"}],"curies":[{"name":"wp","href":"https:\/\/api.w.org\/{rel}","templated":true}]}}