{"id":1739,"date":"2020-02-24T11:40:09","date_gmt":"2020-02-24T11:40:09","guid":{"rendered":"http:\/\/tmfwarszawa.pl\/?page_id=1739"},"modified":"2020-02-24T11:40:09","modified_gmt":"2020-02-24T11:40:09","slug":"zadania-2020-pol","status":"publish","type":"page","link":"https:\/\/tmfwarszawa.pl\/index.php\/zadania-2020-pol\/","title":{"rendered":"Zadania 2020 (pol)"},"content":{"rendered":"<p><strong>1. Wymy\u015bl sam<\/strong><br \/>\nZaprojektuj przyrz\u0105d i metod\u0119 pomiaru nat\u0119\u017cenia pr\u0105du elektrycznego wykorzystuj\u0105cy efekt cieplny. Jakie s\u0105: zakres pomiarowy, niepewno\u015b\u0107 pomiaru oraz ograniczenia w stosowaniu zaproponowanej metody?<\/p>\n<p><strong>2. Niepozorna butelka<\/strong><br \/>\nUmie\u015b\u0107 zapalon\u0105 \u015bwieczk\u0119 za butelk\u0105. Je\u015bli dmuchniesz na butelk\u0119 z przeciwnej strony, \u015bwieczka mo\u017ce zosta\u0107 zdmuchni\u0119ta, tak jakby butelki nie by\u0142o. Wyja\u015bnij to zjawisko.<\/p>\n<p><strong>3. \u015apiewaj\u0105ca rurka <\/strong><br \/>\n\u201eRura d\u017awi\u0119kowa\u201d to zabawka zbudowana z karbowanej rurki wykonanej z tworzywa sztucznego, kt\u00f3r\u0105 mo\u017cna obraca\u0107 wytwarzaj\u0105c d\u017awi\u0119k. Zbadaj charakterystyki powstaj\u0105cego w tej zabawce d\u017awi\u0119ku i okre\u015bl wp\u0142yw istotnych parametr\u00f3w na te charakterystyki.<\/p>\n<p><strong>4. \u015apiewaj\u0105cy ferryt <\/strong><br \/>\nW\u0142\u00f3\u017c pr\u0119t ferrytowy do cewki zasilanej generatorem sygna\u0142u. Przy pewnych cz\u0119stotliwo\u015bciach pr\u0119t zaczynie wytwarza\u0107 d\u017awi\u0119k. Zbadaj to zjawisko.<\/p>\n<p><strong>5. S\u0142odki mira\u017c<\/strong><br \/>\nFata Morgana (mira\u017c) to nazwa pewnego zjawiska optycznego. Podobny efekt mo\u017cna uzyska\u0107 o\u015bwietlaj\u0105c laserem p\u0142yn, w kt\u00f3rym wyst\u0119puje gradient wsp\u00f3\u0142czynnika za\u0142amania \u015bwiat\u0142a. Zbadaj to zjawisko.<\/p>\n<p><strong>6. Miska Sas\u00f3w<\/strong><br \/>\nMiska z otworem w podstawie tonie po umieszczeniu jej na wodzie. Sasi u\u017cywali takiego przyrz\u0105du do pomiaru czasu. Zbadaj parametry wp\u0142ywaj\u0105ce na czas toni\u0119cia miski.<\/p>\n<p><strong>7. Pi\u0142ki na sznurku <\/strong><br \/>\nPrze\u0142\u00f3\u017c sznurek przez kulk\u0119 z otworem w taki spos\u00f3b, aby kulka mog\u0142a swobodnie porusza\u0107 si\u0119 wzd\u0142u\u017c sznurka. Do\u0142\u0105cz inn\u0105 kulk\u0119 do jednego ko\u0144ca sznurka tak by si\u0119 nie przesuwa\u0142a. Gdy rytmicznie poruszasz wolnym ko\u0144cem sznurka, mo\u017cesz zaobserwowa\u0107 z\u0142o\u017cone ruchy kulek. Zbadaj to zjawisko<\/p>\n<p><strong>8. Filtr mydlany<\/strong><br \/>\nCi\u0119\u017cki przedmiot mo\u017ce spadaj\u0105c przelecie\u0107 przez poziom\u0105 warstw\u0119 b\u0142ony mydlanej bez jej rozerwania. Lekki przedmiot mo\u017ce za\u015bzatrzyma\u0107 si\u0119 na powierzchni b\u0142ony. Zbadaj w\u0142a\u015bciwo\u015bci takiego mydlanego filtra.<\/p>\n<p><strong>9. Lewitacja magnetyczna<\/strong><br \/>\nW pewnych warunkach \u201emieszade\u0142ko\u201d mieszad\u0142a magnetycznego mo\u017ce si\u0119 unie\u015b\u0107 i stabilnie lewitowa\u0107 w lepkiej cieczy w czasie mieszania. Zbadaj \u017ar\u00f3d\u0142o stabilizacji dynamicznej \u201emieszade\u0142ka\u201d i jej zale\u017cno\u015b\u0107 od istotnych parametr\u00f3w.<\/p>\n<p><strong>10. Przewodz\u0105ce linie <\/strong><br \/>\nLinia narysowana o\u0142\u00f3wkiem na papierze mo\u017ce przewodzi\u0107 pr\u0105d elektryczny. Zbadaj charakterystyki przewodz\u0105cej linii.<\/p>\n<p><strong>11. Dryfuj\u0105ce plamki <\/strong><br \/>\nPodczas o\u015bwietlania wi\u0105zk\u0105 lasera ciemnej powierzchni, mo\u017cna zaobserwowa\u0107 \u201ekropkowany\u201d wz\u00f3r. Gdy obserwacja odbywa si\u0119 nieuzbrojonym okiem lub za pomoc\u0105 kamery, kt\u00f3re powoli si\u0119 poruszaj\u0105, wz\u00f3r wydaje si\u0119 przemieszcza\u0107 wzgl\u0119dem powierzchni. Wyja\u015bnij to zjawisko i zbadaj, w jaki spos\u00f3b ten ruch zale\u017cy od istotnych parametr\u00f3w.<\/p>\n<p><strong>12. Wielok\u0105tny wir<\/strong><br \/>\nNieruchome naczynie cylindryczne wyposa\u017cone w obracaj\u0105c\u0105 si\u0119 p\u0142ytk\u0119 umieszczon\u0105 w pobli\u017cu dna jest cz\u0119\u015bciowo wype\u0142nione ciecz\u0105. W pewnych warunkach powierzchnia cieczy przyjmuje kszta\u0142t wielok\u0105ta. Wyja\u015bnij to zjawisko i zbadaj wp\u0142yw istotnych parametr\u00f3w na jego przebieg.<\/p>\n<p><strong>13. Oscyluj\u0105ce tarcie<\/strong><br \/>\nCi\u0119\u017cki przedmiot umieszczano na dw\u00f3ch identycznych r\u00f3wnoleg\u0142ych poziomych cylindrach. Oba cylindry obracaj\u0105 si\u0119 z pr\u0119dko\u015bci\u0105 k\u0105tow\u0105 o tej samej warto\u015bci, ale w przeciwne strony. Zbadaj, jak ruch przedmiotu zale\u017cy od istotnych parametr\u00f3w uk\u0142adu.<\/p>\n<p><strong>14. Spadaj\u0105ca wie\u017ca<\/strong><br \/>\nIdentyczne dyski u\u0142o\u017cono jeden na drugim, tworz\u0105c wolnostoj\u0105c\u0105 wie\u017c\u0119. Dolny dysk mo\u017cna usun\u0105\u0107, dzia\u0142aj\u0105c gwa\u0142townie poziom\u0105 si\u0142\u0105 tak, aby reszta wie\u017cy opad\u0142a na powierzchni\u0119, a ta sta\u0142a nadal. Zbadaj to zjawisko i okre\u015bl parametry, kt\u00f3re pozwalaj\u0105 utrzyma\u0107 stabilno\u015b\u0107 wie\u017cy.<\/p>\n<p><strong>15. Pieprzniczka<\/strong><br \/>\nGdy potrz\u0105sasz solniczk\u0105 lub pieprzniczk\u0105, jej zawarto\u015b\u0107 wysypuje si\u0119 stosunkowo wolno. Je\u015bli jednak dno naczynia b\u0119dzie pocierane, to szybko\u015b\u0107 wysypywania mo\u017ce gwa\u0142townie wzrosn\u0105\u0107. Wyja\u015bnij to zjawisko i zbadaj, jak szybko\u015b\u0107 wysypywania zale\u017cy od istotnych parametr\u00f3w.<\/p>\n<p><strong>16. Silnik nitinolowy<\/strong><br \/>\nP\u0119tl\u0119 z drutu nitinolowego owi\u0144 wok\u00f3\u0142 dw\u00f3ch bloczk\u00f3w, kt\u00f3rych osie s\u0105 oddalone od siebie. Je\u015bli jeden z bloczk\u00f3w zostanie zanurzony w gor\u0105cej wodzie to drut, kt\u00f3ry ma tendencj\u0119 do prostowania si\u0119, spowoduje obr\u00f3t bloczk\u00f3w. Zbadaj w\u0142a\u015bciwo\u015bci takiego silnika.<\/p>\n<p><strong>17. Karta do gry<\/strong><br \/>\nStandardowa karta do gry mo\u017ce przemie\u015bci\u0107 si\u0119 na znaczn\u0105 odleg\u0142o\u015b\u0107, pod warunkiem, \u017ce podczas wyrzucania wprawi si\u0119 j\u0105 w ruch obrotowy. Zbadaj parametry, kt\u00f3re wp\u0142ywaj\u0105 na dystans jaki pokona karta oraz trajektori\u0119 jej lotu.<\/p>\n<p style=\"text-align: right;\"><a href=\"http:\/\/tmfwarszawa.pl\/wp-content\/uploads\/2019\/07\/IYPT_2020_Problems.pdf\">Download<\/a><\/p>\n","protected":false},"excerpt":{"rendered":"<p>1. Wymy\u015bl sam Zaprojektuj przyrz\u0105d i metod\u0119 pomiaru nat\u0119\u017cenia pr\u0105du elektrycznego wykorzystuj\u0105cy efekt cieplny. Jakie s\u0105: zakres pomiarowy, niepewno\u015b\u0107 pomiaru oraz ograniczenia w stosowaniu zaproponowanej metody? 2. Niepozorna butelka Umie\u015b\u0107 zapalon\u0105 \u015bwieczk\u0119 za butelk\u0105. Je\u015bli dmuchniesz na butelk\u0119 z przeciwnej strony, \u015bwieczka mo\u017ce zosta\u0107 zdmuchni\u0119ta, tak jakby butelki nie by\u0142o. Wyja\u015bnij to zjawisko. 3. \u015apiewaj\u0105ca [&hellip;]<\/p>\n","protected":false},"author":1,"featured_media":0,"parent":0,"menu_order":0,"comment_status":"closed","ping_status":"closed","template":"","meta":{"jetpack_post_was_ever_published":false,"footnotes":""},"class_list":["post-1739","page","type-page","status-publish","hentry"],"jetpack_sharing_enabled":true,"jetpack_shortlink":"https:\/\/wp.me\/P4R8YU-s3","jetpack-related-posts":[],"jetpack_likes_enabled":true,"_links":{"self":[{"href":"https:\/\/tmfwarszawa.pl\/index.php\/wp-json\/wp\/v2\/pages\/1739","targetHints":{"allow":["GET"]}}],"collection":[{"href":"https:\/\/tmfwarszawa.pl\/index.php\/wp-json\/wp\/v2\/pages"}],"about":[{"href":"https:\/\/tmfwarszawa.pl\/index.php\/wp-json\/wp\/v2\/types\/page"}],"author":[{"embeddable":true,"href":"https:\/\/tmfwarszawa.pl\/index.php\/wp-json\/wp\/v2\/users\/1"}],"replies":[{"embeddable":true,"href":"https:\/\/tmfwarszawa.pl\/index.php\/wp-json\/wp\/v2\/comments?post=1739"}],"version-history":[{"count":1,"href":"https:\/\/tmfwarszawa.pl\/index.php\/wp-json\/wp\/v2\/pages\/1739\/revisions"}],"predecessor-version":[{"id":1740,"href":"https:\/\/tmfwarszawa.pl\/index.php\/wp-json\/wp\/v2\/pages\/1739\/revisions\/1740"}],"wp:attachment":[{"href":"https:\/\/tmfwarszawa.pl\/index.php\/wp-json\/wp\/v2\/media?parent=1739"}],"curies":[{"name":"wp","href":"https:\/\/api.w.org\/{rel}","templated":true}]}}