{"id":19,"date":"2017-08-03T08:38:37","date_gmt":"2017-08-03T08:38:37","guid":{"rendered":"http:\/\/46.41.149.137\/tmfwarszawa\/?page_id=19"},"modified":"2021-02-13T09:17:03","modified_gmt":"2021-02-13T09:17:03","slug":"elementy-oceny","status":"publish","type":"page","link":"https:\/\/tmfwarszawa.pl\/index.php\/elementy-oceny\/","title":{"rendered":"Elementy oceny"},"content":{"rendered":"<p>Zaczynaj\u0105c od edycji TMF 2019 obowi\u0105zuj\u0105 nowe regu\u0142y oceny wyst\u0105pie\u0144, zgodne ze sposobem oceny prac na zawodach mi\u0119dzynarodowych IYPT.<\/p>\n<p><a href=\"https:\/\/tmfwarszawa.pl\/wp-content\/uploads\/2021\/02\/scoresheet_v.15.3.19.pdf\">pobierz nowe regu\u0142y oceny (ang.)<\/a><\/p>\n<div id=\"pg-1005-2\" class=\"panel-grid\">\n<div id=\"pgc-1005-2-0\" class=\"panel-grid-cell\"><\/div>\n<div id=\"pgc-1005-2-1\" class=\"panel-grid-cell\"><\/div>\n<\/div>\n","protected":false},"excerpt":{"rendered":"<p>Zaczynaj\u0105c od edycji TMF 2019 obowi\u0105zuj\u0105 nowe regu\u0142y oceny wyst\u0105pie\u0144, zgodne ze sposobem oceny prac na zawodach mi\u0119dzynarodowych IYPT. pobierz nowe regu\u0142y oceny (ang.)<\/p>\n","protected":false},"author":1,"featured_media":0,"parent":0,"menu_order":0,"comment_status":"closed","ping_status":"closed","template":"page-fullwidth.php","meta":{"jetpack_post_was_ever_published":false,"footnotes":""},"class_list":["post-19","page","type-page","status-publish","hentry"],"jetpack_sharing_enabled":true,"jetpack_shortlink":"https:\/\/wp.me\/P4R8YU-j","jetpack-related-posts":[],"jetpack_likes_enabled":true,"_links":{"self":[{"href":"https:\/\/tmfwarszawa.pl\/index.php\/wp-json\/wp\/v2\/pages\/19","targetHints":{"allow":["GET"]}}],"collection":[{"href":"https:\/\/tmfwarszawa.pl\/index.php\/wp-json\/wp\/v2\/pages"}],"about":[{"href":"https:\/\/tmfwarszawa.pl\/index.php\/wp-json\/wp\/v2\/types\/page"}],"author":[{"embeddable":true,"href":"https:\/\/tmfwarszawa.pl\/index.php\/wp-json\/wp\/v2\/users\/1"}],"replies":[{"embeddable":true,"href":"https:\/\/tmfwarszawa.pl\/index.php\/wp-json\/wp\/v2\/comments?post=19"}],"version-history":[{"count":6,"href":"https:\/\/tmfwarszawa.pl\/index.php\/wp-json\/wp\/v2\/pages\/19\/revisions"}],"predecessor-version":[{"id":1889,"href":"https:\/\/tmfwarszawa.pl\/index.php\/wp-json\/wp\/v2\/pages\/19\/revisions\/1889"}],"wp:attachment":[{"href":"https:\/\/tmfwarszawa.pl\/index.php\/wp-json\/wp\/v2\/media?parent=19"}],"curies":[{"name":"wp","href":"https:\/\/api.w.org\/{rel}","templated":true}]}}