{"id":2013,"date":"2021-02-23T10:33:27","date_gmt":"2021-02-23T10:33:27","guid":{"rendered":"https:\/\/tmfwarszawa.pl\/?page_id=2013"},"modified":"2021-02-23T10:33:27","modified_gmt":"2021-02-23T10:33:27","slug":"sklad-druzyny-2014","status":"publish","type":"page","link":"https:\/\/tmfwarszawa.pl\/index.php\/sklad-druzyny-2014\/","title":{"rendered":"Sk\u0142ad Dru\u017cyny 2014"},"content":{"rendered":"<p><img data-recalc-dims=\"1\" loading=\"lazy\" decoding=\"async\" data-attachment-id=\"2014\" data-permalink=\"https:\/\/tmfwarszawa.pl\/index.php\/sklad-druzyny-2014\/druzyna2014\/\" data-orig-file=\"https:\/\/i0.wp.com\/tmfwarszawa.pl\/wp-content\/uploads\/2021\/02\/Druzyna2014.png?fit=1698%2C552&amp;ssl=1\" data-orig-size=\"1698,552\" data-comments-opened=\"0\" data-image-meta=\"{&quot;aperture&quot;:&quot;0&quot;,&quot;credit&quot;:&quot;&quot;,&quot;camera&quot;:&quot;&quot;,&quot;caption&quot;:&quot;&quot;,&quot;created_timestamp&quot;:&quot;0&quot;,&quot;copyright&quot;:&quot;&quot;,&quot;focal_length&quot;:&quot;0&quot;,&quot;iso&quot;:&quot;0&quot;,&quot;shutter_speed&quot;:&quot;0&quot;,&quot;title&quot;:&quot;&quot;,&quot;orientation&quot;:&quot;0&quot;}\" data-image-title=\"Druzyna2014\" data-image-description=\"\" data-image-caption=\"\" data-medium-file=\"https:\/\/i0.wp.com\/tmfwarszawa.pl\/wp-content\/uploads\/2021\/02\/Druzyna2014.png?fit=300%2C98&amp;ssl=1\" data-large-file=\"https:\/\/i0.wp.com\/tmfwarszawa.pl\/wp-content\/uploads\/2021\/02\/Druzyna2014.png?fit=648%2C211&amp;ssl=1\" class=\"alignnone size-full wp-image-2014\" src=\"https:\/\/i0.wp.com\/tmfwarszawa.pl\/wp-content\/uploads\/2021\/02\/Druzyna2014.png?resize=648%2C211&#038;ssl=1\" alt=\"\" width=\"648\" height=\"211\" \/><\/p>\n<h3>Sk\u0142ad reprezentacji:<\/h3>\n<p>Anna Wald (kapitan)<br \/>\nPawe\u0142 Czy\u017c<br \/>\nTymoteusz Miara<br \/>\nFilip Moldzy\u0144ski<br \/>\nRadost Waszkiewicz<\/p>\n<h3>Opiekun dru\u017cyny:<\/h3>\n<p>\u0141ukasz G\u0142adczuk<\/p>\n<h3><strong>Afiliacja dru\u017cyny:<\/strong><\/h3>\n<p><a href=\"https:\/\/fenix.club\">Klub Naukowy Fenix<\/a><\/p>\n","protected":false},"excerpt":{"rendered":"<p>Sk\u0142ad reprezentacji: Anna Wald (kapitan) Pawe\u0142 Czy\u017c Tymoteusz Miara Filip Moldzy\u0144ski Radost Waszkiewicz Opiekun dru\u017cyny: \u0141ukasz G\u0142adczuk Afiliacja dru\u017cyny: Klub Naukowy Fenix<\/p>\n","protected":false},"author":1,"featured_media":0,"parent":0,"menu_order":0,"comment_status":"closed","ping_status":"closed","template":"","meta":{"jetpack_post_was_ever_published":false,"footnotes":""},"class_list":["post-2013","page","type-page","status-publish","hentry"],"jetpack_sharing_enabled":true,"jetpack_shortlink":"https:\/\/wp.me\/P4R8YU-wt","jetpack-related-posts":[],"jetpack_likes_enabled":true,"_links":{"self":[{"href":"https:\/\/tmfwarszawa.pl\/index.php\/wp-json\/wp\/v2\/pages\/2013","targetHints":{"allow":["GET"]}}],"collection":[{"href":"https:\/\/tmfwarszawa.pl\/index.php\/wp-json\/wp\/v2\/pages"}],"about":[{"href":"https:\/\/tmfwarszawa.pl\/index.php\/wp-json\/wp\/v2\/types\/page"}],"author":[{"embeddable":true,"href":"https:\/\/tmfwarszawa.pl\/index.php\/wp-json\/wp\/v2\/users\/1"}],"replies":[{"embeddable":true,"href":"https:\/\/tmfwarszawa.pl\/index.php\/wp-json\/wp\/v2\/comments?post=2013"}],"version-history":[{"count":1,"href":"https:\/\/tmfwarszawa.pl\/index.php\/wp-json\/wp\/v2\/pages\/2013\/revisions"}],"predecessor-version":[{"id":2017,"href":"https:\/\/tmfwarszawa.pl\/index.php\/wp-json\/wp\/v2\/pages\/2013\/revisions\/2017"}],"wp:attachment":[{"href":"https:\/\/tmfwarszawa.pl\/index.php\/wp-json\/wp\/v2\/media?parent=2013"}],"curies":[{"name":"wp","href":"https:\/\/api.w.org\/{rel}","templated":true}]}}