{"id":2030,"date":"2021-02-23T13:18:29","date_gmt":"2021-02-23T13:18:29","guid":{"rendered":"https:\/\/tmfwarszawa.pl\/?page_id=2030"},"modified":"2021-02-23T13:18:29","modified_gmt":"2021-02-23T13:18:29","slug":"zadania-2002-pol","status":"publish","type":"page","link":"https:\/\/tmfwarszawa.pl\/index.php\/zadania-2002-pol\/","title":{"rendered":"Zadania 2002 (pol)"},"content":{"rendered":"<p><strong>1. Maszyna cieplna<\/strong><br \/>\nWysoki, szklany cylinder jest do po\u0142owy nape\u0142niony ciep\u0142\u0105 wod\u0105 i dope\u0142niony wod\u0105 zimn\u0105. Do tego cylindra zostaje wprowadzona ma\u0142a ampu\u0142ka zawieraj\u0105ca kilka kropel eteru lub alkoholu (i zamkni\u0119ta kapturkiem z gumki do pipety). Opisz zjawisko zachodz\u0105ce w takim uk\u0142adzie. Jak zmienia si\u0119 w czasie ruch ampu\u0142ki?<\/p>\n<p><strong>2. Sie\u0107 paj\u0119cza<\/strong><br \/>\nNi\u0107 paj\u0119cza przypomina swym wygl\u0105dem sznurek z nanizanymi koralikami. Co jest tego przyczyn\u0105? Wykonaj do\u015bwiadczenie w celu zbadania istotnych parametr\u00f3w tego zjawiska.<\/p>\n<p><strong>3. \u0141opocz\u0105ca flaga<\/strong><br \/>\nDlaczego flagi \u0142opocz\u0105 na wietrze? Zbadaj do\u015bwiadczalnie, jak powietrze przep\u0142ywa wok\u00f3\u0142 flagi. Opisz zachowanie si\u0119 strumienia powietrza.<\/p>\n<p><strong>4. Zamglenie<\/strong><br \/>\nBarwa oddalonego lasu wydaje si\u0119 nie zielona, lecz mgli\u015bcie niebieska. Jaka jest najmniejsza odleg\u0142o\u015b\u0107, przy kt\u00f3rej zaczyna wyst\u0119powa\u0107 to zjawisko? Jaki wp\u0142yw maj\u0105 na nie warunki pogodowe? Czy jest mo\u017cliwe, aby las wydawa\u0142 si\u0119 szary?<\/p>\n<p><strong>5. Nartnik<\/strong><br \/>\nJak wiadomo, niezwil\u017calne, ma\u0142e cia\u0142a mog\u0105 utrzymywa\u0107 si\u0119 na powierzchni wody dzi\u0119ki istnieniu napi\u0119cia powierzchniowego. Zbuduj tratw\u0119 p\u0142ywaj\u0105c\u0105 na tej zasadzie oraz wyznacz jej parametry statyczne i dynamiczne.<\/p>\n<p><strong>6. &#8222;Korki&#8221; na szosach<\/strong><br \/>\nW ruchu samochodowym zdarzaj\u0105 si\u0119 niekiedy, bez \u017cadnych widocznych powod\u00f3w, nag\u0142e zatrzymywania oraz ruszenia. Zbuduj model fizyczny wyja\u015bniaj\u0105cy to zjawisko.<\/p>\n<p><strong>7. Prawo Ohma dla cieczy<\/strong><br \/>\nM\u00f3wi si\u0119, \u017ce pr\u0105d elektryczny &#8222;p\u0142ynie&#8221;. Czy jest to jedyne podobie\u0144stwo mi\u0119dzy pr\u0105dem elektrycznym a przep\u0142ywem cieczy? Zbadaj teoretycznie i do\u015bwiadczalnie analogie pomi\u0119dzy tymi dwoma zjawiskami.<\/p>\n<p><strong>8. Na\u0142adowany piasek<\/strong><br \/>\nDrobny, dobrze wysuszony piasek kwarcowy wpada przez cienk\u0105, kr\u00f3tk\u0105 rurk\u0119 do sto\u017ckowego, metalowego naczynia pod\u0142\u0105czonego do elektrometru. Zbadaj zachowanie si\u0119 strumienia piasku w miar\u0119 nape\u0142niania si\u0119 naczynia. Co si\u0119 zmieni, gdy strumie\u0144 zostanie o\u015bwietlony promieniowaniem nadfioletowym ?<\/p>\n<p><strong>9. Chromatografia<\/strong><br \/>\nUmie\u015b\u0107 kropl\u0119 zabarwionej cieczy na kawa\u0142ku bibu\u0142y. Opisz ilo\u015bciowo obserwowane zjawiska.<\/p>\n<p><strong>10. Pojazd nap\u0119dzany d\u017awi\u0119kiem<\/strong><br \/>\nZbuduj i zademonstruj urz\u0105dzenie nap\u0119dzane wy\u0142\u0105cznie przez d\u017awi\u0119k. Zbadaj jego w\u0142a\u015bciwo\u015bci.<\/p>\n<p><strong>11. R\u00f3wnowaga<\/strong><br \/>\nNape\u0142nij szklank\u0119 wod\u0105 a\u017c do utworzenia si\u0119 menisku wypuk\u0142ego. Umie\u015b\u0107 pi\u0142eczk\u0119 pingpongow\u0105 na powierzchni wody. Zbadaj i wyja\u015bnij stabilno\u015b\u0107 jej po\u0142o\u017cenia r\u00f3wnowagi. Powt\u00f3rz do\u015bwiadczenie z innymi cieczami.<\/p>\n<p><strong>12. Przewodnictwo elektryczne<\/strong><br \/>\nJak mo\u017cna zmierzy\u0107 przewodnictwo elektryczne roztworu soli, nie u\u017cywaj\u0105c elektrod b\u0119d\u0105cych w bezpo\u015brednim kontakcie z ciecz\u0105? Przeanalizuj problem i zademonstruj zbudowane przez siebie urz\u0105dzenie.<\/p>\n<p><strong>13. Wiruj\u0105ca kulka<\/strong><br \/>\nStalowa kulka o \u015brednicy 2-3 cm znajduje si\u0119 na poziomej p\u0142ycie. Wymy\u015bl i zbuduj urz\u0105dzenie umo\u017cliwiaj\u0105ce wprawienie kulki w szybki ruch obrotowy wok\u00f3\u0142 pionowej osi. Urz\u0105dzenie to nie mo\u017ce mie\u0107 mechanicznego kontaktu z kulk\u0105.<\/p>\n<p><strong>14. Podarty \u017cagiel<\/strong><br \/>\nOkre\u015bl, jak sprawno\u015b\u0107 \u017cagla zale\u017cy od stopnia jego perforacji. Jaki by\u0142by efekt u\u017cycia sieci rybackiej jako \u017cagla?<\/p>\n<p><strong>15. Pulsuj\u0105cy p\u0119cherzyk powietrza<\/strong><br \/>\nUwi\u0119\u017a p\u0119cherzyk powietrza o promieniu 1-2 cm pod odwr\u00f3conym szkie\u0142kiem zegarkowym, umieszczonym pod powierzchni\u0105 wody. Do wn\u0119trza p\u0119cherzyka wprowadzaj przez cienk\u0105 rureczk\u0119 alkohol, tak reguluj\u0105c i dobieraj\u0105c jego strumie\u0144, aby pojawi\u0142y si\u0119 rytmiczne pulsacje p\u0119cherzyka. Zbadaj to zjawisko i wyja\u015bnij swoje obserwacje.<\/p>\n<p><strong>16. Spr\u0119\u017cyste wahad\u0142o<\/strong><br \/>\nZbadaj i opisz zachowanie si\u0119 wahad\u0142a, w kt\u00f3rym ci\u0119\u017carek jest zawieszony na spr\u0119\u017cynie lub elastycznej lince zamiast na sztywnym pr\u0119cie.<\/p>\n<p><strong>17. Bitwa butelek<\/strong><br \/>\nWe\u017a dwie (szklane) otwarte butelki coli i stuknij jedn\u0105 o drug\u0105. Po pewnej chwili cola zacznie wyp\u0142ywa\u0107 z jednej z butelek. Zbadaj i wyja\u015bnij to zjawisko.<\/p>\n","protected":false},"excerpt":{"rendered":"<p>1. Maszyna cieplna Wysoki, szklany cylinder jest do po\u0142owy nape\u0142niony ciep\u0142\u0105 wod\u0105 i dope\u0142niony wod\u0105 zimn\u0105. Do tego cylindra zostaje wprowadzona ma\u0142a ampu\u0142ka zawieraj\u0105ca kilka kropel eteru lub alkoholu (i zamkni\u0119ta kapturkiem z gumki do pipety). Opisz zjawisko zachodz\u0105ce w takim uk\u0142adzie. Jak zmienia si\u0119 w czasie ruch ampu\u0142ki? 2. Sie\u0107 paj\u0119cza Ni\u0107 paj\u0119cza przypomina [&hellip;]<\/p>\n","protected":false},"author":1,"featured_media":0,"parent":0,"menu_order":0,"comment_status":"closed","ping_status":"closed","template":"","meta":{"jetpack_post_was_ever_published":false,"footnotes":""},"class_list":["post-2030","page","type-page","status-publish","hentry"],"jetpack_sharing_enabled":true,"jetpack_shortlink":"https:\/\/wp.me\/P4R8YU-wK","jetpack-related-posts":[],"jetpack_likes_enabled":true,"_links":{"self":[{"href":"https:\/\/tmfwarszawa.pl\/index.php\/wp-json\/wp\/v2\/pages\/2030","targetHints":{"allow":["GET"]}}],"collection":[{"href":"https:\/\/tmfwarszawa.pl\/index.php\/wp-json\/wp\/v2\/pages"}],"about":[{"href":"https:\/\/tmfwarszawa.pl\/index.php\/wp-json\/wp\/v2\/types\/page"}],"author":[{"embeddable":true,"href":"https:\/\/tmfwarszawa.pl\/index.php\/wp-json\/wp\/v2\/users\/1"}],"replies":[{"embeddable":true,"href":"https:\/\/tmfwarszawa.pl\/index.php\/wp-json\/wp\/v2\/comments?post=2030"}],"version-history":[{"count":1,"href":"https:\/\/tmfwarszawa.pl\/index.php\/wp-json\/wp\/v2\/pages\/2030\/revisions"}],"predecessor-version":[{"id":2032,"href":"https:\/\/tmfwarszawa.pl\/index.php\/wp-json\/wp\/v2\/pages\/2030\/revisions\/2032"}],"wp:attachment":[{"href":"https:\/\/tmfwarszawa.pl\/index.php\/wp-json\/wp\/v2\/media?parent=2030"}],"curies":[{"name":"wp","href":"https:\/\/api.w.org\/{rel}","templated":true}]}}