{"id":2041,"date":"2021-02-23T13:41:45","date_gmt":"2021-02-23T13:41:45","guid":{"rendered":"https:\/\/tmfwarszawa.pl\/?page_id=2041"},"modified":"2021-02-23T13:41:45","modified_gmt":"2021-02-23T13:41:45","slug":"zadania-2005-pol","status":"publish","type":"page","link":"https:\/\/tmfwarszawa.pl\/index.php\/zadania-2005-pol\/","title":{"rendered":"Zadania 2005 (pol)"},"content":{"rendered":"<p><strong>1. Wa\u017cka<\/strong><br \/>\nZaproponuj model mechanizmu lotu wa\u017cki. Zbadaj g\u0142\u00f3wne parametry tego modelu i uzasadnij go.<\/p>\n<p><strong>2. Problem dw\u00f3ch kul<\/strong><br \/>\nDwie kule umieszczone w pochy\u0142ej rynnie i stykaj\u0105ce si\u0119 z sob\u0105 nie zawsze si\u0119 staczaj\u0105. Wyja\u015bnij to zjawisko i znajd\u017a warunki, w jakich ono zachodzi.<\/p>\n<p><strong>3. Lawina<\/strong><br \/>\nW jakich warunkach mo\u017ce wyst\u0105pi\u0107 lawina? Zbadaj to zjawisko do\u015bwiadczalnie.<\/p>\n<p><strong>4. Hydrauliczny podskok<\/strong><br \/>\nLaminarny strumie\u0144 wody, padaj\u0105cy na poziom\u0105 p\u0142aszczyzn\u0119, rozp\u0142ywa si\u0119 na niej promieni\u015bcie. W pewnej odleg\u0142o\u015bci od miejsca padania poziom wody nagle si\u0119 wznosi. Zbadaj natur\u0119 tego zjawiska. Co mo\u017ce si\u0119 zdarzy\u0107, gdy ciecz b\u0119dzie mia\u0142a wi\u0119ksz\u0105 lepko\u015b\u0107, ani\u017celi woda?<\/p>\n<p><strong>5. Fatamorgana<\/strong><br \/>\nWytw\u00f3rz w laboratorium zjawisko podobne do fatamorgany wyst\u0119puj\u0105cej na pustyni lub szosie i zbadaj jego parametry.<\/p>\n<p><strong>6. Skwiercz\u0105cy d\u017awi\u0119k<\/strong><br \/>\nGdy kropla wody lub innej cieczy upada na gor\u0105c\u0105 powierzchni\u0119, wytwarza si\u0119 d\u017awi\u0119k. Od jakich czynnik\u00f3w (parametr\u00f3w) ten d\u017awi\u0119k zale\u017cy?<\/p>\n<p><strong>7. Podskakuj\u0105ca zatyczka<\/strong><br \/>\nJe\u015bli z wanny lub zlewu nape\u0142nionego wod\u0105 wyci\u0105gnie si\u0119 zatyczk\u0119 i umie\u015bci plastykow\u0105 pi\u0142k\u0119 nad otworem odp\u0142ywowym, mo\u017cna zaobserwowa\u0107 drgania tej pi\u0142ki podczas wyp\u0142ywania wody. Zbadaj to zjawisko.<\/p>\n<p><strong>8. Wiatrowy pojazd<\/strong><br \/>\nZbuduj pojazd nap\u0119dzany wy\u0142\u0105cznie energi\u0105 wiatru. Pojazd powinien m\u00f3c si\u0119 porusza\u0107 prosto pod wiatr. Wyznacz sprawno\u015b\u0107 tego pojazdu.<\/p>\n<p><strong>9. D\u017awi\u0119k w szklance<\/strong><br \/>\nNape\u0142nij szklank\u0119 wod\u0105, wsyp \u0142y\u017ceczk\u0119 soli i zamieszaj. Wyja\u015bnij zmiany d\u017awi\u0119ku towarzysz\u0105cego uderzaniu \u015bcianek szklanki przez \u0142y\u017ceczk\u0119, jakie wyst\u0119puj\u0105 w trakcie procesu rozpuszczania soli.<\/p>\n<p><strong>10. Szybko\u015b\u0107 przep\u0142ywu<\/strong><br \/>\nPrzygotuj zawiesin\u0119 \u017celaznych opi\u0142ek w oleju ro\u015blinnym. Po\u0142\u0105cz dwa naczynia plastykow\u0105 rurk\u0105 i spowoduj przep\u0142yw zawiesiny przez rurke. Opracuj zewn\u0119trzny mechanizm umo\u017cliwiaj\u0105cy pomiar pr\u0119dko\u015bci przep\u0142ywu tej zawiesiny.<\/p>\n<p><strong>11. Kropelki wody<\/strong><br \/>\nPodczas padania strumienia kropelek wody pod ma\u0142ym k\u0105tem na powierzchni\u0119 wody w zbiorniku kropelki, zanim po\u0142\u0105cz\u0105 si\u0119 z mas\u0105 wody w zbiorniku, mog\u0105 si\u0119 odbija\u0107 od powierzchni lub toczy\u0107 po niej. W pewnych przypadkach kropelki pozostaj\u0105 na powierzchni wody przez znaczny czas. Zdarza si\u0119 nawet, \u017ce zanurzaj\u0105 si\u0119 w wodzie zanim si\u0119 w niej rozp\u0142yn\u0105. Zbadaj to zjawisko.<\/p>\n<p><strong>12. Wirowanie pi\u0142ek<\/strong><br \/>\nRuch obrotowy bywa w sporcie wykorzystywany dla modyfikowania toru ruchu pi\u0142ki. Zbadaj ruch wiruj\u0105cej pi\u0142ki, np. pingpongowej lub tenisowej, w celu okre\u015blenia wp\u0142ywu odpowiednich parametr\u00f3w na tor jej ruchu.<\/p>\n<p><strong>13. Twardy krochmal<\/strong><br \/>\nMieszanina krochmalu (np. kukurydzianego lub m\u0105ki ziemniaczanej) i niewielkiej ilo\u015bci wody ma pewne interesuj\u0105ce w\u0142a\u015bciwo\u015bci. Zbadaj, jak &#8222;lepko\u015b\u0107&#8221; takiej mieszaniny zmienia si\u0119 pod wp\u0142ywem mieszania i wyja\u015bnij to zjawisko. Czy jaka\u015b inna pwszechnie dost\u0119pna substancja wykazuje podobny efekt?<\/p>\n<p><strong>14. Do\u015bwiadczenie Einsteina &#8211; de Haasa<\/strong><br \/>\nZbadaj zjawisko (Einsteina &#8211; de Haasa) polegaj\u0105ce na tym, \u017ce metalowy cylinder zawieszony na nici zaczyna wirowa\u0107, gdy w\u0142\u0105czy si\u0119 pionowe pole magnetyczne.<\/p>\n<p><strong>15. Tunelowanie optyczne<\/strong><br \/>\nWe\u017a dwa pryzmaty oddzielone ma\u0142\u0105 szczelin\u0105 jak na rysunku. Zbadaj, w jakich warunkach \u015bwiat\u0142o padaj\u0105ce pod k\u0105tem wi\u0119kszym od k\u0105ta krytycznego nie ulega ca\u0142kowitemu wewn\u0119trznemu odbiciu.<\/p>\n<p><img data-recalc-dims=\"1\" decoding=\"async\" src=\"https:\/\/i0.wp.com\/archive.iypt.org\/problems\/18_IYPT_1.gif?w=648&#038;ssl=1\" \/><\/p>\n<p><strong>16. Przeszkoda w lejku<\/strong><br \/>\nZiarnisty materia\u0142 wyp\u0142ywa z pojemnika przez lejek. Zbadaj, czy jest mo\u017cliwe zwi\u0119kszenie szybko\u015bci wyp\u0142ywu przez umieszczenie pewnej &#8222;przeszkody&#8221; nad wylotow\u0105 rurk\u0105?<\/p>\n<p><strong>17. Ocean &#8222;Solaris&#8221;<\/strong><br \/>\nGdy do przezroczystego naczynia, nape\u0142nionego do po\u0142owy nasyconym roztworem soli, naleje si\u0119 ostro\u017cnie czystej wody, wytwarza si\u0119 wyra\u017ana granica. Zbadaj, jak zachowuje si\u0119 ta granica podczas podgrzewania dolnej cieczy.<\/p>\n","protected":false},"excerpt":{"rendered":"<p>1. Wa\u017cka Zaproponuj model mechanizmu lotu wa\u017cki. Zbadaj g\u0142\u00f3wne parametry tego modelu i uzasadnij go. 2. Problem dw\u00f3ch kul Dwie kule umieszczone w pochy\u0142ej rynnie i stykaj\u0105ce si\u0119 z sob\u0105 nie zawsze si\u0119 staczaj\u0105. Wyja\u015bnij to zjawisko i znajd\u017a warunki, w jakich ono zachodzi. 3. Lawina W jakich warunkach mo\u017ce wyst\u0105pi\u0107 lawina? Zbadaj to zjawisko [&hellip;]<\/p>\n","protected":false},"author":1,"featured_media":0,"parent":0,"menu_order":0,"comment_status":"closed","ping_status":"closed","template":"","meta":{"jetpack_post_was_ever_published":false,"footnotes":""},"class_list":["post-2041","page","type-page","status-publish","hentry"],"jetpack_sharing_enabled":true,"jetpack_shortlink":"https:\/\/wp.me\/P4R8YU-wV","jetpack-related-posts":[],"jetpack_likes_enabled":true,"_links":{"self":[{"href":"https:\/\/tmfwarszawa.pl\/index.php\/wp-json\/wp\/v2\/pages\/2041","targetHints":{"allow":["GET"]}}],"collection":[{"href":"https:\/\/tmfwarszawa.pl\/index.php\/wp-json\/wp\/v2\/pages"}],"about":[{"href":"https:\/\/tmfwarszawa.pl\/index.php\/wp-json\/wp\/v2\/types\/page"}],"author":[{"embeddable":true,"href":"https:\/\/tmfwarszawa.pl\/index.php\/wp-json\/wp\/v2\/users\/1"}],"replies":[{"embeddable":true,"href":"https:\/\/tmfwarszawa.pl\/index.php\/wp-json\/wp\/v2\/comments?post=2041"}],"version-history":[{"count":1,"href":"https:\/\/tmfwarszawa.pl\/index.php\/wp-json\/wp\/v2\/pages\/2041\/revisions"}],"predecessor-version":[{"id":2043,"href":"https:\/\/tmfwarszawa.pl\/index.php\/wp-json\/wp\/v2\/pages\/2041\/revisions\/2043"}],"wp:attachment":[{"href":"https:\/\/tmfwarszawa.pl\/index.php\/wp-json\/wp\/v2\/media?parent=2041"}],"curies":[{"name":"wp","href":"https:\/\/api.w.org\/{rel}","templated":true}]}}