{"id":2057,"date":"2021-02-23T14:03:46","date_gmt":"2021-02-23T14:03:46","guid":{"rendered":"https:\/\/tmfwarszawa.pl\/?page_id=2057"},"modified":"2021-02-23T14:03:46","modified_gmt":"2021-02-23T14:03:46","slug":"zadania-2009-pol","status":"publish","type":"page","link":"https:\/\/tmfwarszawa.pl\/index.php\/zadania-2009-pol\/","title":{"rendered":"Zadania 2009 (pol)"},"content":{"rendered":"<p><strong>1. Stearynowy silnik<\/strong><br \/>\n\u015awiec\u0119 umieszczono w po\u0142o\u017ceniu r\u00f3wnowagi za pomoc\u0105 poziomej ig\u0142y przechodz\u0105cej w pobli\u017cu jej \u015brodka masy (i opartej na podporach). Po zapaleniu \u015bwiecy na obu ko\u0144cach mo\u017cna zaobserwowa\u0107 jej wahania. Zbadaj to zjawisko. Zoptymalizuj opisany uk\u0142ad pod k\u0105tem uzyskania z niego maksymalnej mocy mechanicznej.<\/p>\n<p><strong>2. Sprz\u0119\u017cone kompasy<\/strong><br \/>\nPo\u0142\u00f3\u017c na stole kompas, a w pobli\u017cu niego umie\u015b\u0107 podobny kompas i wstrz\u0105saj\u0105c go delikatnie wprowad\u017a ig\u0142\u0119 w drgania. Ig\u0142a pierwszego kompasu zacznie drga\u0107. Obserwuj i wyja\u015bnij zachowanie si\u0119 tych sprz\u0119\u017conych oscylator\u00f3w.<\/p>\n<p><strong>3. Mody rezonansowe<\/strong><br \/>\nUmie\u015b\u0107 telefon kom\u00f3rkowy wewn\u0105trz metalowego pojemnika z otworem. Zbadaj, w jakich warunkach telefon zacznie dzwoni\u0107 po &#8222;zadzwonieniu&#8221; na niego.<\/p>\n<p><strong>4. &#8222;Widma&#8221;<\/strong><br \/>\nNa fotografiach z u\u017cyciem lampy b\u0142yskowej pojawiaj\u0105 si\u0119 niekiedy jasne kr\u0105\u017cki, jak te widoczne na zdj\u0119ciu. Zbadaj i wyja\u015bnij to zjawisko.<\/p>\n<p><img data-recalc-dims=\"1\" decoding=\"async\" src=\"https:\/\/i0.wp.com\/archive.iypt.org\/problems\/30515586.jpg?w=648&#038;ssl=1\" \/><\/p>\n<p><strong>5. Do\u015b\u0107 skapywania<\/strong><br \/>\nSposobem na krople skapuj\u0105ce z butelki po nalewaniu jest jej delikatne obracanie. Zbadaj, jak powinno si\u0119 porusza\u0107 butelk\u0105, aby kropla nie spad\u0142a.<\/p>\n<p><strong>6. Karuzela<\/strong><br \/>\nUmie\u015b\u0107 plastikowy kubeczek na cienkiej warstwie p\u0142ynu rozlanego na p\u0142askim, sta\u0142ym pod\u0142o\u017cu. Wprowad\u017a kubeczek w ruch obrotowy. Od jakich parametr\u00f3w zale\u017cy op\u00f3\u017anienie jego ruchu obrotowego?<\/p>\n<p><strong>7. Deskorolkarz<\/strong><br \/>\nDeskorolkarz potrafi na poziomej powierzchni ruszy\u0107 ze stanu spoczynku i przyspiesza\u0107, wykonuj\u0105c odpowiednie ruchy cia\u0142em, bez dotykania zewn\u0119trznego pod\u0142o\u017ca. Zbadaj parametry, kt\u00f3re wp\u0142ywaj\u0105 na ruch deskorolki nap\u0119dzanej tym sposobem.<\/p>\n<p><strong>8. Powietrzna kiesze\u0144<\/strong><br \/>\nPionowy strumie\u0144 powietrza wydmuchiwanego ze s\u0142omki wytwarza na powierzchni wody wg\u0142\u0119bienie. Jakie parametry okre\u015blaj\u0105 obj\u0119to\u015b\u0107 i g\u0142\u0119boko\u015b\u0107 tego wg\u0142\u0119bienia?<\/p>\n<p><strong>9. Schni\u0119cie<\/strong><br \/>\nZbadaj proces schni\u0119cia mokrego papieru umieszczonego w pozycji pionowej. Jak przesuwa si\u0119 granica schni\u0119cia?<\/p>\n<p><strong>10. Optyczna rura<\/strong><br \/>\nSpogl\u0105daj wzd\u0142u\u017c cylindrycznej, metalowej rury o wypolerowanej wewn\u0119trznej powierzchni. Zauwa\u017cysz ciemne oraz jasne pasma. Zbadaj to zjawisko.<\/p>\n<p><strong>11. Transformatory<\/strong><br \/>\nProsty &#8222;wz\u00f3r transformatorowy&#8221; okre\u015bla napi\u0119cie wyj\u015bciowe w zale\u017cno\u015bci od napi\u0119cia wej\u015bciowego oraz stosunku liczby zwoj\u00f3w. Transformatory nie zawsze zachowuj\u0105 si\u0119 tak idealnie. Zbadaj, jakie znaczenie maj\u0105 dla tego faktu cz\u0119stotliwo\u015b\u0107 oraz inne parametry.<\/p>\n<p><strong>12. Gor\u0105ca kula<\/strong><br \/>\nUmie\u015b\u0107 gor\u0105c\u0105, metalow\u0105 kul\u0119 na poziomych, r\u00f3wnoleg\u0142ych szynach. Kula zacznie si\u0119 porusza\u0107. Zbadaj to zjawisko.<\/p>\n<p><strong>13. Piaszczyste &#8222;zmarszczki&#8221;<\/strong><br \/>\nZbadaj, jak powstawanie &#8222;zmarszczek&#8221; na piaszczystym dnie p\u0142ytkiej wody zale\u017cy od r\u00f3\u017cnych parametr\u00f3w.<\/p>\n<p><strong>14. Podskakuj\u0105ca kropla<\/strong><br \/>\nZbadaj ruch kropelek wody padaj\u0105cych na hydrofobow\u0105 powierzchne (np. pokryt\u0105 warstw\u0105 sadzy lub teflonu).<\/p>\n<p><strong>15. Elektrooscylator<\/strong><br \/>\nNa \u015brodku rozpi\u0119tego poziomo drutu zawieszono pewn\u0105 mas\u0119. Po przepuszczeniu przez drut pr\u0105du masa zaczyna niekiedy drga\u0107. Opisz i wyja\u015bnij to zjawisko.<\/p>\n<p><strong>16. Silnik elektromagnetyczny<\/strong><br \/>\nPrzytwierd\u017a silny, a zarazem lekki magnes do g\u0142\u00f3wki stalowej \u015bruby. Podwie\u015b nast\u0119pnie \u015brub\u0119 pod biegunem baterii (jak na zdj\u0119ciu). Zamkni\u0119cie obwodu elektrycznego przez \u015blizgowy kontakt z magnesem powoduje, \u017ce \u015bruba zaczyna si\u0119 obraca\u0107. Zbadaj parametry, od kt\u00f3rych zale\u017cy pr\u0119dko\u015b\u0107 obrotowa \u015bruby.<\/p>\n<p><img data-recalc-dims=\"1\" decoding=\"async\" src=\"https:\/\/i0.wp.com\/archive.iypt.org\/problems\/22_IYPT_2.gif?w=648&#038;ssl=1\" \/><\/p>\n<p><strong>17. &#8222;Tarka&#8221;<\/strong><br \/>\nNa nieutwardzonych drogach wykorzystywanych przez ruch samochodowy tworz\u0105 si\u0119 po pewnym czasie faliste struktury z dobrze okre\u015blon\u0105 d\u0142ugo\u015bci\u0105 fali. Zbadaj i wyja\u015bnij to zjawisko.<\/p>\n","protected":false},"excerpt":{"rendered":"<p>1. Stearynowy silnik \u015awiec\u0119 umieszczono w po\u0142o\u017ceniu r\u00f3wnowagi za pomoc\u0105 poziomej ig\u0142y przechodz\u0105cej w pobli\u017cu jej \u015brodka masy (i opartej na podporach). Po zapaleniu \u015bwiecy na obu ko\u0144cach mo\u017cna zaobserwowa\u0107 jej wahania. Zbadaj to zjawisko. Zoptymalizuj opisany uk\u0142ad pod k\u0105tem uzyskania z niego maksymalnej mocy mechanicznej. 2. Sprz\u0119\u017cone kompasy Po\u0142\u00f3\u017c na stole kompas, a w [&hellip;]<\/p>\n","protected":false},"author":1,"featured_media":0,"parent":0,"menu_order":0,"comment_status":"closed","ping_status":"closed","template":"","meta":{"jetpack_post_was_ever_published":false,"footnotes":""},"class_list":["post-2057","page","type-page","status-publish","hentry"],"jetpack_sharing_enabled":true,"jetpack_shortlink":"https:\/\/wp.me\/P4R8YU-xb","jetpack-related-posts":[],"jetpack_likes_enabled":true,"_links":{"self":[{"href":"https:\/\/tmfwarszawa.pl\/index.php\/wp-json\/wp\/v2\/pages\/2057","targetHints":{"allow":["GET"]}}],"collection":[{"href":"https:\/\/tmfwarszawa.pl\/index.php\/wp-json\/wp\/v2\/pages"}],"about":[{"href":"https:\/\/tmfwarszawa.pl\/index.php\/wp-json\/wp\/v2\/types\/page"}],"author":[{"embeddable":true,"href":"https:\/\/tmfwarszawa.pl\/index.php\/wp-json\/wp\/v2\/users\/1"}],"replies":[{"embeddable":true,"href":"https:\/\/tmfwarszawa.pl\/index.php\/wp-json\/wp\/v2\/comments?post=2057"}],"version-history":[{"count":1,"href":"https:\/\/tmfwarszawa.pl\/index.php\/wp-json\/wp\/v2\/pages\/2057\/revisions"}],"predecessor-version":[{"id":2060,"href":"https:\/\/tmfwarszawa.pl\/index.php\/wp-json\/wp\/v2\/pages\/2057\/revisions\/2060"}],"wp:attachment":[{"href":"https:\/\/tmfwarszawa.pl\/index.php\/wp-json\/wp\/v2\/media?parent=2057"}],"curies":[{"name":"wp","href":"https:\/\/api.w.org\/{rel}","templated":true}]}}