{"id":2071,"date":"2021-02-23T14:15:59","date_gmt":"2021-02-23T14:15:59","guid":{"rendered":"https:\/\/tmfwarszawa.pl\/?page_id=2071"},"modified":"2021-02-23T14:15:59","modified_gmt":"2021-02-23T14:15:59","slug":"zadania-2012-pol","status":"publish","type":"page","link":"https:\/\/tmfwarszawa.pl\/index.php\/zadania-2012-pol\/","title":{"rendered":"Zadania 2012 (pol)"},"content":{"rendered":"<p><strong>1. Dzia\u0142ko magnetyczne (Gaussa)<\/strong><br \/>\nW niemagnetycznej rynience spoczywa szereg jednakowych kulek stalowych oraz znajduj\u0105cy sie pomi\u0119dzy nimi silny magnes. Gdy inna kulka stalowa, tocz\u0105ca si\u0119 z boku, uderza w skrajn\u0105 kulk\u0119, kulka z przeciwnego ko\u0144ca odskakuje z zadziwiaj\u0105co du\u017c\u0105 pr\u0119dko\u015bci\u0105. Wyznacz optymalne po\u0142o\u017cenie magnesu, przy kt\u00f3rym uzyskany efekt jest najwi\u0119kszy.<\/p>\n<p><strong>2. Przecinanie powietrza<\/strong><br \/>\nPodczas wirowania kawa\u0142ka nici lub np. \u017cy\u0142ki nylonowej z zamocowanym na ko\u0144cu ci\u0119\u017carkiem daje si\u0119 s\u0142ysze\u0107 wyra\u017any d\u017awi\u0119k. Zbadaj, w jaki spos\u00f3b ten d\u017awi\u0119k powstaje oraz od jakich parametr\u00f3w zale\u017cy.<\/p>\n<p><strong>3. \u0141a\u0144cuch korali<\/strong><br \/>\nW naczyniu typu zlewki znajduje si\u0119 d\u0142ugi \u0142a\u0144cuch nanizanych na nitk\u0119 koralik\u00f3w. Gdy odpowiednio du\u017c\u0105 cz\u0119\u015b\u0107 tego \u0142a\u0144cucha wyci\u0105gniemy poza brzeg naczynia i pu\u015bcimy, zacznie on pod wp\u0142ywem si\u0142y ci\u0119\u017cko\u015bci spada\u0107 w d\u00f3\u0142 z rosn\u0105c\u0105 szybko\u015bci\u0105. W pewnej chwili \u0142a\u0144cuch oderwie si\u0119 od kraw\u0119dzi szklanki (patrz rys. 1). Zbadaj i wyja\u015bnij to zjawisko.<\/p>\n<p><strong>4. Ciek\u0142y most<\/strong><br \/>\nW dw\u00f3ch stykaj\u0105cych si\u0119 zlewkach znajduje si\u0119 ciecz (np. woda dejonizowana). Po przy\u0142o\u017ceniu wysokiego napi\u0119cia mi\u0119dzy ciecz\u0105 w jednej i w drugiej szklance na kraw\u0119dzi styku szklanek mo\u017ce si\u0119 pojawi\u0107 mostek z cieczy. Zbadaj to zjawisko. Uwaga: wysokie napi\u0119cie mo\u017ce by\u0107 u\u017cyte tylko pod odpowiedni\u0105 kontrol\u0105, stosownie do miejscowych przepis\u00f3w.<\/p>\n<p><strong>5. Jasne fale<\/strong><br \/>\nO\u015bwietl p\u0142aski zbiornik z wod\u0105. Gdy na jej powierzchni zostan\u0105 wytworzone fale, mo\u017cna b\u0119dzie zobaczy\u0107 jasne i ciemne wzory na dnie zbiornika. Zbadaj zale\u017cno\u015b\u0107 mi\u0119dzy falami a obserwowanymi wzorami.<\/p>\n<p><strong>6. Zabawka &#8222;dzi\u0119cio\u0142&#8221;<\/strong><br \/>\nZabawka &#8222;dzi\u0119cio\u0142&#8221; &#8211; jak na rys. 2. wykonuje ruch oscylacyjny. Zbadaj i wyja\u015bnij ten ruch.<\/p>\n<p><strong>7. Pineski<\/strong><br \/>\nPineska p\u0142ywaj\u0105ca na powierzchni wody w pobli\u017cu innych p\u0142ywaj\u0105cych przedmiot\u00f3w podlega dzia\u0142aniu si\u0142 przyci\u0105gaj\u0105cych. Zbadaj i wyja\u015bnij to zjawisko. Czy na zasadzie podobnego mechanizmu mo\u017cliwe jest uzyskanie si\u0142y odpychaj\u0105cej?<\/p>\n<p><strong>8. B\u0105belki<\/strong><br \/>\nCzy jest mo\u017cliwe p\u0142ywanie na powierzchni wody, w kt\u00f3rej wyst\u0119puje du\u017co b\u0105belk\u00f3w? Zbadaj, jak p\u0142ywanie przedmiotu zale\u017cy od obecno\u015bci b\u0105belk\u00f3w.<\/p>\n<p><strong>9. Magnes i moneta<\/strong><br \/>\nNa magnesie umie\u015b\u0107 monet\u0119 w pozycji pionowej. Pochyl monet\u0119 wzgl\u0119dem magnesu, a nast\u0119pnie j\u0105 zwolnij. Moneta mo\u017ce upa\u015b\u0107 na magnes, albo powr\u00f3ci\u0107 do pocz\u0105tkowego po\u0142o\u017cenia pionowego. Zbadaj i wyja\u015bnij ruch monety.<\/p>\n<p><strong>10. Ko\u0142ysz\u0105ca si\u0119 butelka<\/strong><br \/>\nButelk\u0119 cz\u0119\u015bciowo nape\u0142nion\u0105 ciecz\u0105 po\u0142\u00f3\u017c na poziomej powierzchni i popchnij wprawiaj\u0105c j\u0105 w ruch. Po pocz\u0105tkowym ruchu post\u0119powo-obrotowym butelka, zanim spocznie, b\u0119dzie wykonywa\u0142a ruch oscylacyjny. Zbadaj ruch butelki.<\/p>\n<p><strong>11. P\u0142aski przep\u0142yw<\/strong><br \/>\nW\u0105ska szczelina mi\u0119dzy dwiema du\u017cymi, przezroczystymi, poziomo umieszczonymi p\u0142ytami wype\u0142niona jest ciecz\u0105, a przez ma\u0142y otw\u00f3r w \u015brodku jednej z tych p\u0142yt wstrzykiwana jest inna ciecz. Zbadaj przep\u0142yw wstrzykiwanej cieczy w tej p\u0142askiej przestrzeni.<\/p>\n<p><strong>12. Lataj\u0105ce lampiony<\/strong><br \/>\nPapierowe lampiony mog\u0105 si\u0119 unosi\u0107 w powietrzu dzi\u0119ki p\u0142omieniowi \u015bwiecy. Zaprojektuj i wykonaj lampion z u\u017cyciem standardowej &#8222;\u015bwieczki herbacianej&#8221; (tea-light) tak, aby wzni\u00f3s\u0142 si\u0119 on na wysoko\u015b\u0107 2,5 m w mo\u017cliwie najkr\u00f3tszym czasie (od zapalenia \u015bwieczki). Zbadaj wp\u0142yw istotnych parametr\u00f3w na ten czas. Uwaga: zachowaj odpowiedni\u0105 ostro\u017cno\u015b\u0107, aby unikn\u0105\u0107 ryzyka po\u017caru!<\/p>\n<p><strong>13. Mgliste szk\u0142o<\/strong><br \/>\nChuchnij na powierzchni\u0119 zimnej p\u0142ytki szklanej, aby nast\u0105pi\u0142a na niej kondensacja pary wodnej. Spogl\u0105daj\u0105c na bia\u0142\u0105 lamp\u0119 przez tak zamglon\u0105 szybk\u0119 zobaczysz wok\u00f3\u0142 rozmytej centralnej bia\u0142ej plamki barwne pier\u015bcienie. Wyja\u015bnij to zjawisko.<\/p>\n<p><strong>14. Granularny rozbryzg<\/strong><br \/>\nGdy kulka stalowa spada na powierzchni\u0119 suchego piasku, obserwuje si\u0119 rodzaj piaskowego rozbryzgu, po kt\u00f3rym mo\u017ce nast\u0105pi\u0107 wyrzucenie pionowej kolumny piasku. Odtw\u00f3rz to zjawisko i je wyja\u015bnij.<\/p>\n<p><strong>15. Zawodna pi\u0142ka golfowa<\/strong><br \/>\nCz\u0119sto si\u0119 zdarza, \u017ce pi\u0142ka golfowa wyskakuje z do\u0142ka natychmiast po tym, jak do niego wpad\u0142a (zosta\u0142a do niego wprowadzona). Wyja\u015bnij to zjawisko i zbadaj, w jakich warunkach mo\u017ce ono zachodzi\u0107.<\/p>\n<p><strong>16. Wznosz\u0105ca si\u0119 ba\u0144ka<\/strong><br \/>\nPionowa rura jest nape\u0142niona lepk\u0105 ciecz\u0105. Na dnie tej rury znajduje si\u0119 du\u017ca ba\u0144ka powietrzna. Zbadaj ruch tej ba\u0144ki unosz\u0105cej si\u0119 z dna do g\u00f3ry.<\/p>\n<p><strong>17. Pi\u0142ka w pianie<\/strong><br \/>\nMa\u0142\u0105, lekk\u0105 pi\u0142eczk\u0119 umie\u015b\u0107 w pianie mydlanej. Wymiary pi\u0142ki powinny by\u0107 por\u00f3wnywalne z rozmiarami p\u0119cherzyk\u00f3w piany. Zbadaj, jak ruch pi\u0142eczki zale\u017cy od istotnych parametr\u00f3w.<\/p>\n","protected":false},"excerpt":{"rendered":"<p>1. Dzia\u0142ko magnetyczne (Gaussa) W niemagnetycznej rynience spoczywa szereg jednakowych kulek stalowych oraz znajduj\u0105cy sie pomi\u0119dzy nimi silny magnes. Gdy inna kulka stalowa, tocz\u0105ca si\u0119 z boku, uderza w skrajn\u0105 kulk\u0119, kulka z przeciwnego ko\u0144ca odskakuje z zadziwiaj\u0105co du\u017c\u0105 pr\u0119dko\u015bci\u0105. Wyznacz optymalne po\u0142o\u017cenie magnesu, przy kt\u00f3rym uzyskany efekt jest najwi\u0119kszy. 2. Przecinanie powietrza Podczas wirowania [&hellip;]<\/p>\n","protected":false},"author":1,"featured_media":0,"parent":0,"menu_order":0,"comment_status":"closed","ping_status":"closed","template":"","meta":{"jetpack_post_was_ever_published":false,"footnotes":""},"class_list":["post-2071","page","type-page","status-publish","hentry"],"jetpack_sharing_enabled":true,"jetpack_shortlink":"https:\/\/wp.me\/P4R8YU-xp","jetpack-related-posts":[],"jetpack_likes_enabled":true,"_links":{"self":[{"href":"https:\/\/tmfwarszawa.pl\/index.php\/wp-json\/wp\/v2\/pages\/2071","targetHints":{"allow":["GET"]}}],"collection":[{"href":"https:\/\/tmfwarszawa.pl\/index.php\/wp-json\/wp\/v2\/pages"}],"about":[{"href":"https:\/\/tmfwarszawa.pl\/index.php\/wp-json\/wp\/v2\/types\/page"}],"author":[{"embeddable":true,"href":"https:\/\/tmfwarszawa.pl\/index.php\/wp-json\/wp\/v2\/users\/1"}],"replies":[{"embeddable":true,"href":"https:\/\/tmfwarszawa.pl\/index.php\/wp-json\/wp\/v2\/comments?post=2071"}],"version-history":[{"count":1,"href":"https:\/\/tmfwarszawa.pl\/index.php\/wp-json\/wp\/v2\/pages\/2071\/revisions"}],"predecessor-version":[{"id":2072,"href":"https:\/\/tmfwarszawa.pl\/index.php\/wp-json\/wp\/v2\/pages\/2071\/revisions\/2072"}],"wp:attachment":[{"href":"https:\/\/tmfwarszawa.pl\/index.php\/wp-json\/wp\/v2\/media?parent=2071"}],"curies":[{"name":"wp","href":"https:\/\/api.w.org\/{rel}","templated":true}]}}