{"id":2081,"date":"2021-02-24T21:35:48","date_gmt":"2021-02-24T21:35:48","guid":{"rendered":"https:\/\/tmfwarszawa.pl\/?page_id=2081"},"modified":"2021-07-15T09:08:27","modified_gmt":"2021-07-15T09:08:27","slug":"wyniki-2021","status":"publish","type":"page","link":"https:\/\/tmfwarszawa.pl\/index.php\/wyniki-2021\/","title":{"rendered":"Wyniki 2021"},"content":{"rendered":"<h4>Etap korespondencyjny (29 stycznia):<\/h4>\n<table  class=\" table table-hover\" >\n<tbody>\n<tr>\n<td><strong>Miejsce<\/strong><\/td>\n<td><strong>God\u0142o<\/strong><\/td>\n<td><strong>Nazwa<\/strong> <strong>dru\u017cyny<\/strong><\/td>\n<td><strong>Punkty<\/strong><\/td>\n<\/tr>\n<tr>\n<td>1<\/td>\n<td>Fenix<\/td>\n<td>Klub Naukowy Fenix w Warszawie<\/td>\n<td>144<\/td>\n<\/tr>\n<tr>\n<td>2<\/td>\n<td>POLA2021<\/td>\n<td>Akademickie Liceum Og\u00f3lnokszta\u0142c\u0105ce PWr we Wroc\u0142awiu<\/td>\n<td>111<\/td>\n<\/tr>\n<tr>\n<td>3<\/td>\n<td>KNFTorun<\/td>\n<td>ZS UMK Gimnazjum i Liceum Akademickie w Toruniu<\/td>\n<td>108<\/td>\n<\/tr>\n<tr>\n<td>4<\/td>\n<td>Equinox<\/td>\n<td>\u00a0VII Liceum Og\u00f3lnokszta\u0142c\u0105ce im. D\u0105br\u00f3wki w Poznaniu<\/td>\n<td>106<\/td>\n<\/tr>\n<tr>\n<td>5<\/td>\n<td>Arsen<\/td>\n<td>Klub Naukowy Nikiel w Gda\u0144sku<\/td>\n<td>104<\/td>\n<\/tr>\n<tr>\n<td>6<\/td>\n<td>CONTINUUM<\/td>\n<td>\u00a0V Liceum Og\u00f3lnokszta\u0142c\u0105ce im Jacka Kuronia we Wroc\u0142awiu<\/td>\n<td>102<\/td>\n<\/tr>\n<tr>\n<td>7<\/td>\n<td>SOLARIS<\/td>\n<td>\u00a0V Liceum Og\u00f3lnokszta\u0142c\u0105ce im. Augusta Witkowskiego w Krakowie<\/td>\n<td>86<\/td>\n<\/tr>\n<tr>\n<td>8<\/td>\n<td>Isopians<\/td>\n<td>\u00a0International School of Poznan<\/td>\n<td>7<\/td>\n<\/tr>\n<\/tbody>\n<\/table>\n\n<h4>P\u00f3\u0142fina\u0142y (9 czerwca):<\/h4>\n<table  class=\" table table-hover\" >\n<tbody>\n<tr>\n<td><strong>Miejsce<\/strong><\/td>\n<td><strong>God\u0142o<\/strong><\/td>\n<td><strong>Nazwa<\/strong> <strong>dru\u017cyny<\/strong><\/td>\n<td><strong>Punkty<\/strong><\/td>\n<\/tr>\n<tr>\n<td>1<\/td>\n<td>Fenix<\/td>\n<td>Klub Naukowy Fenix w Warszawie<\/td>\n<td>96.7<\/td>\n<\/tr>\n<tr>\n<td>2<\/td>\n<td>\n<p>Arsen<\/p>\n<\/td>\n<td>\n<p>Klub Naukowy Nikiel w Gda\u0144sku<\/p>\n<\/td>\n<td>87.1<\/td>\n<\/tr>\n<tr>\n<td>3<\/td>\n<td>KNFTorun<\/td>\n<td>ZS UMK Gimnazjum i Liceum Akademickie w Toruniu<\/td>\n<td>81.7<\/td>\n<\/tr>\n<tr>\n<td>4<\/td>\n<td>SOLARIS<\/td>\n<td>V Liceum Og\u00f3lnokszta\u0142c\u0105ce im. Augusta Witkowskiego w Krakowie\u00a0<\/td>\n<td>80.8<\/td>\n<\/tr>\n<tr>\n<td>5<\/td>\n<td>Equinox<\/td>\n<td>VII Liceum Og\u00f3lnokszta\u0142c\u0105ce im. D\u0105br\u00f3wki w Poznaniu\u00a0<\/td>\n<td>80.7<\/td>\n<\/tr>\n<tr>\n<td>6<\/td>\n<td>CONTINUUM<\/td>\n<td>V Liceum Og\u00f3lnokszta\u0142c\u0105ce im Jacka Kuronia we Wroc\u0142awiu\u00a0\u00a0<\/td>\n<td>79.6<\/td>\n<\/tr>\n<tr>\n<td>7<\/td>\n<td>POLA2021<\/td>\n<td>Akademickie Liceum Og\u00f3lnokszta\u0142c\u0105ce PWr we Wroc\u0142awiu<\/td>\n<td>68.7<\/td>\n<\/tr>\n<\/tbody>\n<\/table>\n\n<h4>Fina\u0142y (24 czerwca):<\/h4>\n<table  class=\" table table-hover\" >\n<tbody>\n<tr>\n<td><strong>Miejsce<\/strong><\/td>\n<td><strong>God\u0142o<\/strong><\/td>\n<td><strong>Nazwa<\/strong> <strong>dru\u017cyny<\/strong><\/td>\n<td><strong>Punkty<\/strong><\/td>\n<\/tr>\n<tr>\n<td>1<\/td>\n<td>Fenix<\/td>\n<td>Klub Naukowy Fenix w Warszawie<\/td>\n<td>101.3<\/td>\n<\/tr>\n<tr>\n<td>2<\/td>\n<td>\n<p>Arsen<\/p>\n<\/td>\n<td>\n<p>Klub Naukowy Nikiel w Gda\u0144sku<\/p>\n<\/td>\n<td>93.8<\/td>\n<\/tr>\n<tr>\n<td>3<\/td>\n<td>KNFTorun<\/td>\n<td>ZS UMK Gimnazjum i Liceum Akademickie w Toruniu<\/td>\n<td>75.3<\/td>\n<\/tr>\n<\/tbody>\n<\/table>\n\n<h4>Zawody Mi\u0119dzynarodowe w Kutaisi (7-13 lipca 2021):<\/h4>\n<p>Polska dru\u017cyna w sk\u0142adzie Jan Turczynowicz, Maciej D\u0105bkowski, Miko\u0142aj Czarnecki i Igor Kumela z Klubu Naukowego Fenix zwyci\u0119\u017cy\u0142a w zawodach Mi\u0119dzynarodowego Turnieju M\u0142odych Fizyk\u00f3w (IYPT 2021), tym samym zdobywaj\u0105c z\u0142oty medal oraz puchar Turnieju. Turniej sk\u0142ada\u0142 si\u0119 z pi\u0119ciu potyczek eliminacyjnych, w kt\u00f3rych Polska zdoby\u0142a 2 miejsce i zosta\u0142a zakwalifikowana do \u015bcis\u0142ych fina\u0142\u00f3w wraz ze S\u0142owacj\u0105 oraz Austri\u0105. W \u015bcis\u0142ych fina\u0142ach nasza dru\u017cyna pokona\u0142a obu przeciwnik\u00f3w zdobywaj\u0105c wynik 45.0 pkt (S\u0142owacja: 42.2 pkt, Austria: 40.8 pkt).<\/p>\n\n\n<p><\/p>\n\n\n\n<p><\/p>\n","protected":false},"excerpt":{"rendered":"<p>Etap korespondencyjny (29 stycznia): Miejsce God\u0142o Nazwa dru\u017cyny Punkty 1 Fenix Klub Naukowy Fenix w Warszawie 144 2 POLA2021 Akademickie Liceum Og\u00f3lnokszta\u0142c\u0105ce PWr we Wroc\u0142awiu 111 3 KNFTorun ZS UMK Gimnazjum i Liceum Akademickie w Toruniu 108 4 Equinox \u00a0VII Liceum Og\u00f3lnokszta\u0142c\u0105ce im. D\u0105br\u00f3wki w Poznaniu 106 5 Arsen Klub Naukowy Nikiel w Gda\u0144sku 104 [&hellip;]<\/p>\n","protected":false},"author":1,"featured_media":0,"parent":0,"menu_order":0,"comment_status":"closed","ping_status":"closed","template":"","meta":{"jetpack_post_was_ever_published":false,"footnotes":""},"class_list":["post-2081","page","type-page","status-publish","hentry"],"jetpack_sharing_enabled":true,"jetpack_shortlink":"https:\/\/wp.me\/P4R8YU-xz","jetpack-related-posts":[],"jetpack_likes_enabled":true,"_links":{"self":[{"href":"https:\/\/tmfwarszawa.pl\/index.php\/wp-json\/wp\/v2\/pages\/2081","targetHints":{"allow":["GET"]}}],"collection":[{"href":"https:\/\/tmfwarszawa.pl\/index.php\/wp-json\/wp\/v2\/pages"}],"about":[{"href":"https:\/\/tmfwarszawa.pl\/index.php\/wp-json\/wp\/v2\/types\/page"}],"author":[{"embeddable":true,"href":"https:\/\/tmfwarszawa.pl\/index.php\/wp-json\/wp\/v2\/users\/1"}],"replies":[{"embeddable":true,"href":"https:\/\/tmfwarszawa.pl\/index.php\/wp-json\/wp\/v2\/comments?post=2081"}],"version-history":[{"count":4,"href":"https:\/\/tmfwarszawa.pl\/index.php\/wp-json\/wp\/v2\/pages\/2081\/revisions"}],"predecessor-version":[{"id":2192,"href":"https:\/\/tmfwarszawa.pl\/index.php\/wp-json\/wp\/v2\/pages\/2081\/revisions\/2192"}],"wp:attachment":[{"href":"https:\/\/tmfwarszawa.pl\/index.php\/wp-json\/wp\/v2\/media?parent=2081"}],"curies":[{"name":"wp","href":"https:\/\/api.w.org\/{rel}","templated":true}]}}