{"id":272,"date":"2017-08-05T09:15:10","date_gmt":"2017-08-05T09:15:10","guid":{"rendered":"http:\/\/tmfwarszawa.pl\/?page_id=272"},"modified":"2019-02-08T00:05:49","modified_gmt":"2019-02-08T00:05:49","slug":"droga-do-sukcesu","status":"publish","type":"page","link":"https:\/\/tmfwarszawa.pl\/index.php\/archiwum\/sklad-druzyny-2015\/droga-do-sukcesu\/","title":{"rendered":"Droga do sukcesu"},"content":{"rendered":"<h3><img data-recalc-dims=\"1\" loading=\"lazy\" decoding=\"async\" data-attachment-id=\"141\" data-permalink=\"https:\/\/tmfwarszawa.pl\/index.php\/2015\/08\/18\/zloto-na-zawodach-w-tajlandii\/iypt2015\/\" data-orig-file=\"https:\/\/i0.wp.com\/tmfwarszawa.pl\/wp-content\/uploads\/2017\/08\/IYPT2015.jpg?fit=750%2C410&amp;ssl=1\" data-orig-size=\"750,410\" data-comments-opened=\"1\" data-image-meta=\"{&quot;aperture&quot;:&quot;0&quot;,&quot;credit&quot;:&quot;&quot;,&quot;camera&quot;:&quot;&quot;,&quot;caption&quot;:&quot;&quot;,&quot;created_timestamp&quot;:&quot;0&quot;,&quot;copyright&quot;:&quot;&quot;,&quot;focal_length&quot;:&quot;0&quot;,&quot;iso&quot;:&quot;0&quot;,&quot;shutter_speed&quot;:&quot;0&quot;,&quot;title&quot;:&quot;&quot;,&quot;orientation&quot;:&quot;0&quot;}\" data-image-title=\"IYPT2015\" data-image-description=\"\" data-image-caption=\"\" data-medium-file=\"https:\/\/i0.wp.com\/tmfwarszawa.pl\/wp-content\/uploads\/2017\/08\/IYPT2015.jpg?fit=300%2C164&amp;ssl=1\" data-large-file=\"https:\/\/i0.wp.com\/tmfwarszawa.pl\/wp-content\/uploads\/2017\/08\/IYPT2015.jpg?fit=648%2C354&amp;ssl=1\" class=\"wp-image-141 aligncenter\" src=\"https:\/\/i0.wp.com\/tmfwarszawa.pl\/wp-content\/uploads\/2017\/08\/IYPT2015-300x164.jpg?resize=648%2C354\" alt=\"\" width=\"648\" height=\"354\" srcset=\"https:\/\/i0.wp.com\/tmfwarszawa.pl\/wp-content\/uploads\/2017\/08\/IYPT2015.jpg?resize=300%2C164&amp;ssl=1 300w, https:\/\/i0.wp.com\/tmfwarszawa.pl\/wp-content\/uploads\/2017\/08\/IYPT2015.jpg?w=750&amp;ssl=1 750w\" sizes=\"auto, (max-width: 648px) 100vw, 648px\" \/><\/h3>\n<h3>Droga do sukcesu<\/h3>\n<p>Reprezentacja Polski, sk\u0142adaj\u0105ca si\u0119 z cz\u0142onk\u00f3w Klubu Naukowego Fenix (Radost Waszkiewicz, Anna Wald, Frederic Grabowski, Oskar Grudzi\u0144ski, Bart\u0142omiej Marchli\u0144ski, Karolina Wr\u00f3bel), pod opiek\u0105 \u0141uaksza G\u0142adczuka zdoby\u0142a z\u0142oty medal na zawodach mi\u0119dzynarodowego Turnieju M\u0142odych Fizyk\u00f3w 2015 rozgrywanego w Tailandii.<\/p>\n<p>Zawody Mi\u0119dzynarodowego Turnieju M\u0142odych Fizyk\u00f3w 2015 odby\u0142y si\u0119 w dniach 27 czerwca \u2013 6 lipca w Tajlandii. Mimo tego, \u017ce turniej trwa niewiele ponad tydzie\u0144, dru\u017cyny maj\u0105 ca\u0142y rok na opracowanie zagadnie\u0144 przygotowanych przez komisj\u0119. W tym czasie uczestnicy przeprowadzaj\u0105 do\u015bwiadczenia, przygotowuj\u0105 model teoretyczny, konsultuj\u0105 swoje wyniki i wreszcie efekty ca\u0142ej swojej pracy kondensuj\u0105 w 12-minutowej prezentacji. Eliminacje w Polsce poprzedzaj\u0105 zawody mi\u0119dzynarodowe, kt\u00f3re wy\u0142aniaj\u0105 najlepsz\u0105 dru\u017cyn\u0119. Po raz kolejny okaza\u0142a si\u0119 to by\u0107 dru\u017cyna prowadzona przez \u0141ukasza G\u0142adczuka z Klubu Naukowego Fenix w sk\u0142adzie: Radost Waszkiewicz, Anna Wald, Frederic Grabowski, Oskar Grudzi\u0144ski, Bart\u0142omiej Marchli\u0144ski i Karolina Wr\u00f3bel.<\/p>\n<p>Poni\u017cej znajduje si\u0119 opis relacji z zawod\u00f3w.<\/p>\n<p>Egzotyczna przygoda naszej reprezentacji zacz\u0119\u0142a si\u0119 ju\u017c 25 czerwca, dwa dni przez rozpocz\u0119ciem turnieju. Po 16 godzinnej podr\u00f3\u017cy i przesiadce w Doha dotarli\u015bmy do Bangkoku. Poniewa\u017c byli\u015bmy bardzo zm\u0119czeni lotem, od razu udali\u015bmy si\u0119 do hotelu. Mimo tego, \u017ce ju\u017c byli\u015bmy na miejscu, przygotowania dalej sz\u0142y pe\u0142na par\u0105. \u0106wiczyli\u015bmy prezentacje, przygotowywali\u015bmy si\u0119 do opozycji oraz recenzji stara\u0144 innych dru\u017cyn, a tak\u017ce przygotowywali\u015bmy dodatkowe materia\u0142y do umieszczenia w prezentacji. Wieczorem udali\u015bmy si\u0119 zwiedza\u0107 miasto, gdzie w ciemnej uliczce znale\u017ali\u015bmy prawdziw\u0105 tajsk\u0105 restauracj\u0119. Nazwy w menu mimo, \u017ce przet\u0142umaczone na j\u0119zyk angielski nie za du\u017co nam m\u00f3wi\u0142y, dlatego zam\u00f3wili\u015bmy wszystkie 12 polecanych pozycji. Z obs\u0142ug\u0105 dogadali\u015bmy si\u0119 na migi i po chwili mogli\u015bmy delektowa\u0107 si\u0119 lokalnymi specja\u0142ami. Przechadzaj\u0105c si\u0119 po Bangkoku mo\u017cna na ka\u017cdym kroku natkn\u0105\u0107 si\u0119 na ma\u0142e stragany pe\u0142ne tamtejszego jedzenia. Znajduj\u0105 si\u0119 tu mi\u0119dzy innymi owoce, soki (np. woda z m\u0142odego kokosa), grillowane owoce morza oraz inne przysmaki.<\/p>\n<p>Nast\u0119pnego dnia po obfitym \u015bniadaniu ruszyli\u015bmy z powrotem na lotnisko, gdzie mieli\u015bmy si\u0119 spotka\u0107 z przedstawicielami turnieju. Stamt\u0105d autokarem pojechali\u015bmy do Suranaree University of Technology, Nakhon Ratchasima, w kt\u00f3rym mia\u0142y miejsce zawody. Po drodze przewidziano kilka postoi obok widzianych ju\u017c w stolicy stragan\u00f3w i jad\u0142odajni, przeznaczonych na odpoczynek i umo\u017cliwiaj\u0105cych poznanie lokalnej kultury. Nasza dru\u017cyna kupi\u0142a kilka smako\u0142yk\u00f3w na dalsz\u0105 drog\u0119. Bardzo szybko okaza\u0142o si\u0119 jednak, \u017ce nie wszystkie rodzaje owoc\u00f3w mo\u017cna spo\u017cywa\u0107 w autokarze. W\u0142a\u015bnie takim wyj\u0105tkiem jest np. durian \u2013 smaczny owoc, ale dla wielu os\u00f3b jego zapach jest nie do zniesienia, o czym poinformowa\u0142y nas dru\u017cyny zasiadaj\u0105ce na pi\u0119trze autobusu. Na miejscu zostali\u015bmy zakwaterowani w czterogwiazdkowym hotelu z basenem i si\u0142owni\u0105. Po rozpakowaniu baga\u017cy wr\u00f3cili\u015bmy do dalszej pracy.<\/p>\n<p>Kolejnego dnia odby\u0142o si\u0119 uroczyste otwarcie Mi\u0119dzynarodowego Turnieju M\u0142odych Fizyk\u00f3w 2015, podczas kt\u00f3rego rozlosowano pozycje w tabeli. Kapitan naszej dru\u017cyny Radost Waszkiewicz wylosowa\u0142 pozycj\u0119 numer 2. Ten numer determinowa\u0142 z jakimi dru\u017cynami zmierzymy si\u0119 podczas kolejnych pi\u0119ciu dni zawod\u00f3w. Opr\u00f3cz losowania odby\u0142y si\u0119 wyst\u0119py lokalnych grup tanecznych oraz wyk\u0142ad popularnonaukowy o nadprzewodnikach. Po po\u0142udniu zmierzyli\u015bmy si\u0119 z Singapurem oraz Rumuni\u0105. Dru\u017cyn\u0119 z Singapuru wyzwali\u015bmy z zadania 15. Moving Brush \u2013 problem zbadania ruchu g\u0142\u00f3wki szczotki do z\u0119b\u00f3w na wibruj\u0105cej powierzchni (to zadanie zosta\u0142o odrzucone, ka\u017cda dru\u017cyna mo\u017ce odrzuci\u0107 trzy wyzwania bez straty punkt\u00f3w. Po odrzuceniu wyzwania dru\u017cyna oponenta proponuje inny problem dla dru\u017cyny referenta), a nast\u0119pnie 6. Magnus Glider \u2013 zagadnienie dotyczy\u0142o ruchu dw\u00f3ch kubk\u00f3w sklejonych denkami, kt\u00f3rym zosta\u0142a nadana pr\u0119dko\u015b\u0107 postepowa i rotacyjna (przyj\u0119te). W opozycji uda\u0142o nam si\u0119 wytkn\u0105\u0107 zasadnicze b\u0142\u0119dy dru\u017cyny Singapuru, dzi\u0119ki czemu zdobyli\u015bmy du\u017co punkt\u00f3w. Nasza dru\u017cyna prezentowa\u0142a zadanie 13. Magnetic Pendulum \u2013 zagadnienie ruchu lekkiego wachad\u0142a z ma\u0142ym magnesem przyczepionym na ko\u0144cu w szybko zmiennym polu magnetycznym \u2013 to zdecydowanie nie by\u0142o nasze najlepsze opracowanie, mimo to dzi\u0119ki dobrej prezentacji i dobrze przeprowadzonej dyskusji uda\u0142o nam si\u0119 obroni\u0107 z zarzut\u00f3w przeciwnik\u00f3w. Ostatecznie tur\u0119 wygra\u0142 Singapur: 42.8 pkt, my zaj\u0119li\u015bmy drugie miejsce z wynikiem: 42.0 pkt., a Bu\u0142garia trzecie \u2013 28.5 pkt. Zaraz po zako\u0144czeniu tury pojawi\u0142y si\u0119 wyniki ze wszystkich potyczek i z rado\u015bci\u0105 zobaczyli\u015bmy Polsk\u0119, na drugim miejscu w tabeli generalnej. Pomimo ogromnej rado\u015bci, zdawali\u015bmy sobie spraw\u0119, ile pracy b\u0119dzie trzeba w\u0142o\u017cy\u0107, aby utrzyma\u0107 t\u0119 pozycj\u0119.<\/p>\n<p>Drugiego dnia mia\u0142y miejsce dwie tury. Pierwsza \u2013 poranna odby\u0142a si\u0119 z Tajlandi\u0105 i USA. Mieli\u015bmy okazj\u0119 recenzowa\u0107 opracowanie Tajlandii do zadania 5. Two ballons \u2013 problem stabilno\u015bci dw\u00f3ch nadmuchanych balon\u00f3w po\u0142\u0105czonych rurk\u0105; i oponowa\u0107 dru\u017cyn\u0119 USA z problemu 16. Wet and Dark \u2013 dlaczego mokra tkanina jest ciemniejsza? Podczas prezentacji nasz\u0105 dru\u017cyn\u0119 reprezentowa\u0142a tego dnia Anna Wald, kt\u00f3ra zaprezentowa\u0142a zadanie 1. Packing, kt\u00f3re polega\u0142o na wrzucaniu nie sferycznych klock\u00f3w do pude\u0142ka i badaniu jak si\u0119 one u\u0142o\u017c\u0105. To zadanie tak\u017ce nie by\u0142o naszym najlepszym opracowaniem, mimo to wygrali\u015bmy t\u0119 potyczk\u0119 zdobywaj\u0105c 39.3 pkt i utrzymali\u015bmy swoj\u0105 pozycj\u0119 na drugim miejscu w klasyfikacji generalnej.<\/p>\n<p>Trzeci\u0105 potyczk\u0119 stoczyli\u015bmy z Australi\u0105 i Austri\u0105. Austria wyzwa\u0142a nas z zadania 6. Magus Glider, kt\u00f3re by\u0142o jednym z naszych lepszych opracowa\u0144. Zadanie mia\u0142o na celu zbadanie efektu magnusa w przypadku sto\u017ckowych kubk\u00f3w po\u0142\u0105czonych denkami. Uda\u0142o nam si\u0119 wyznaczy\u0107 zasadnicze zale\u017cno\u015bci oraz jak na sam efekt wp\u0142ywa sto\u017ckowo\u015b\u0107 kubka. Okazuje si\u0119, \u017ce najwi\u0119ksza si\u0142a no\u015bna jest otrzymywana w przypadku kubk\u00f3w w kszta\u0142cie zbli\u017conym do cylindra. Ania recenzowa\u0142a opracowanie Austrii z zadania 12. Thick Lense \u2013 czy butelk\u0105 po z wod\u0105 mo\u017cna przypali\u0107 powierzchni\u0119?, a Radost oponowa\u0142 zadanie 7. Shaded pole w wykonaniu Australii \u2013 problem dotyczy\u0142 ruchu obrotowego metalowego dysku w asymetrycznym, zmiennym polu magnetycznym. Dru\u017cyna spisa\u0142a si\u0119 \u015bwietnie, wygrywaj\u0105c t\u0119 potyczk\u0119 z 41.8 pkt i umacniaj\u0105c si\u0119 na drugiej pozycji w tabeli.<\/p>\n<p>Czwart\u0105 potyczk\u0119, kt\u00f3ra okaza\u0142a si\u0119 jedn\u0105 z ci\u0119\u017cszych, stoczyli\u015bmy z Kore\u0105 i Iranem. Na pocz\u0105tku Korea prezentowa\u0142a zadanie 7. Shaded-pole. Naszym zdaniem rozwi\u0105zanie by\u0142o na \u015brednim poziomie. Nast\u0119pnie Iran zaprezentowa\u0142 zadanie 4. Liquid film motor \u2013 Ruch wirowy b\u0142ony mydlanej wymuszony przep\u0142ywaj\u0105cym przez ni\u0105 pr\u0105dem. Samo opracowanie nie zawiera\u0142o zbyt du\u017co materia\u0142u, oraz zawiera\u0142o zdecydowane b\u0142\u0119dy, kt\u00f3re wytkn\u0119\u0142a nasza dru\u017cyna. Wreszcie zaprezentowali\u015bmy jedno z naszych najlepszych zada\u0144 \u2013 9. Hovercraft \u2013 zadanie dotyczy\u0142o zabawki zbudowanej z balonu i p\u0142yty CD, nadmuchany balon jest przymocowany do otworu w p\u0142ycie CD, uciekaj\u0105ce powietrze unoci p\u0142yt\u0119 nad ziemi\u0105. Zadanie zosta\u0142o zg\u0142oszone do turnieju przez opiekuna dru\u017cyny, przebadali\u015bmy je pod wieloma wzgl\u0119dami i by\u0142o ono wielokrotnie konsultowane z profesorami zajmuj\u0105cymi si\u0119 hydrodynamik\u0105. Niestety poziom naszego opracowia okaza\u0142 si\u0119 zbyt wysoki i nie dostosowany do oczekiwa\u0144 juror\u00f3w. \u015arednia ocen za to opracowanie wynios\u0142a 5.2 pkt. Na szcz\u0119\u015bcie nie wp\u0142yn\u0119\u0142o to znacznie na nasz\u0105 pozycj\u0119 w tabeli.<\/p>\n<p>W pi\u0105tej potyczce dru\u017cyny same wybiera\u0142y zadnia, kt\u00f3re chcia\u0142y prezentowa\u0107. My wybrali\u015bmy zadanie 10. Singing blades of grass. Polega ono na dmuchaniu na pasek papieru, traw\u0119 lub inny podobny przedmiot. W skutek przep\u0142ywu powietrza pasek zaczyna wibrowa\u0107 i wydobywa si\u0119 d\u017awi\u0119k. Nale\u017ca\u0142o zbada\u0107 i wyja\u015bni\u0107 to zjawisko. W tej potyczce starli\u015bmy si\u0119 z Czechami, kt\u00f3re prezentowa\u0142y zadanie 13. Magnetic Pendulum i Keni\u0105, kt\u00f3ra prezentowa\u0142a zadanie 1 . Packing. Potyczka posz\u0142a po naszej my\u015bli, jednak ponownie da\u0142o si\u0119 odczu\u0107 brak sympatii niekt\u00f3rych juror\u00f3w do naszego kraju.<\/p>\n<p>Po wszystkich rundach eliminacji sko\u0144czyli\u015bmy na drugim miejscu w klasyfikacji generalnej, co ju\u017c dawa\u0142o nam z\u0142oty medal i miejsce w \u015bcis\u0142ych fina\u0142ach Mi\u0119dzynarodowego Turnieju M\u0142odych Fizyk\u00f3w 2015. Tam mieli\u015bmy si\u0119 zmierzy\u0107 z Singapurem oraz Chinami o Puchar Turnieju. Na ostateczne przygotowania mieli\u015bmy ca\u0142y dzie\u0144, kt\u00f3ry wykorzystali\u015bmy na przespanie ca\u0142ych o\u015bmiu godzin. W poprzednie noce spali\u015bmy \u015brednio po 3 godziny, tak wi\u0119c tutaj pozwolili\u015bmy sobie na zas\u0142u\u017cony wypoczynek. Pracowali\u015bmy ca\u0142y dzie\u0144, dokonuj\u0105c ostatecznych poprawek w prezentacji, nasza \u0142azienka zamieni\u0142a si\u0119 w laboratorium, a pokoje przybra\u0142y istnie zapleczowy wystr\u00f3j. W ko\u0144cu po ca\u0142ym roku zmaga\u0144 trzeba walczy\u0107 do ko\u0144ca. Na fina\u0142y szli\u015bmy ze \u015bwiadomo\u015bci\u0105, \u017ce zrobili\u015bmy wszytko co si\u0119 da\u0142o, aby wygra\u0107 te zawody.<\/p>\n<p>Podczas \u015bcis\u0142ych fina\u0142\u00f3w dru\u017cyny ponownie wybieraj\u0105 zadania, kt\u00f3re chc\u0105 prezentowa\u0107, a ten wyb\u00f3r staje si\u0119 jawny oko\u0142o dwa dni przez zawodami. Potyczki fina\u0142\u00f3w odbywaj\u0105 si\u0119 na tej samej scenie, co ceremonia otwarcia, z blisko 400 osobow\u0105 widowni\u0105 i dziennikarzami g\u0142\u00f3wnych krajowych kana\u0142\u00f3w medialnych. Singapur wybra\u0142 zadanie: 13. Magnetic Pendulum, Chiny: 4. Liquid film motor, Polska: 5. Two-ballons.<\/p>\n<p>Do ko\u0144ca byli\u015bmy przekonani, \u017ce b\u0119dziemy oponowa\u0107 Singapur, ale okaza\u0142o si\u0119, \u017ce podczas zesz\u0142orocznego posiedzenia komisji regulamin zosta\u0142 zmieniony i b\u0119dziemy oponowa\u0107 Chiny. Troch\u0119 to namiesza\u0142o naszej dru\u017cynie, bo byli\u015bmy przygotowani na co\u015b innego, jednak szybko sobie z tym poradzili\u015bmy. W 15 minut przygotowali\u015bmy now\u0105 lini\u0119 opozycji, jak i recenzji, i byli\u015bmy gotowi uderzy\u0107 w s\u0142abe punkty przeciwnik\u00f3w. Po zaci\u0119tych walkach nie uda\u0142o nam si\u0119 pokona\u0107 Singapuru, kt\u00f3ry rzeczywi\u015bcie pokaza\u0142 bardzo dobr\u0105 prezentacj\u0119. Ostatecznie zaj\u0119li\u015bmy drugie miejsce.<\/p>\n<p>By\u0142 to na pewno bardzo emocjonuj\u0105cy turniej. Poch\u0142on\u0105\u0142 du\u017co wysi\u0142ku, czasu i wymaga\u0142 wielu wyrzecze\u0144 ze strony uczestnik\u00f3w. Jednak tak du\u017ca inwestycja musi si\u0119 zwr\u00f3ci\u0107 \u2013 zg\u0142\u0119bili\u015bmy tajniki fizyki, poznali\u015bmy wielu ciekawych ludzi w Polsce oraz za granic\u0105 i koniec ko\u0144c\u00f3w \u015bwietnie si\u0119 bawili\u015bmy przy niesamowitych emocjach towarzysz\u0105cych tym zawodom. Ca\u0142o\u015b\u0107 zako\u0144czy\u0142a si\u0119 wielk\u0105 imprez\u0105, na kt\u00f3r\u0105 ka\u017cda dru\u017cyna przygotowa\u0142a w\u0142asny humorystyczny pokaz.<\/p>\n<p><em>\u0141ukasz G\u0142adczuk<\/em> <\/p>\n","protected":false},"excerpt":{"rendered":"<p>Droga do sukcesu Reprezentacja Polski, sk\u0142adaj\u0105ca si\u0119 z cz\u0142onk\u00f3w Klubu Naukowego Fenix (Radost Waszkiewicz, Anna Wald, Frederic Grabowski, Oskar Grudzi\u0144ski, Bart\u0142omiej Marchli\u0144ski, Karolina Wr\u00f3bel), pod opiek\u0105 \u0141uaksza G\u0142adczuka zdoby\u0142a z\u0142oty medal na zawodach mi\u0119dzynarodowego Turnieju M\u0142odych Fizyk\u00f3w 2015 rozgrywanego w Tailandii. Zawody Mi\u0119dzynarodowego Turnieju M\u0142odych Fizyk\u00f3w 2015 odby\u0142y si\u0119 w dniach 27 czerwca \u2013 6 [&hellip;]<\/p>\n","protected":false},"author":1,"featured_media":0,"parent":275,"menu_order":0,"comment_status":"closed","ping_status":"closed","template":"","meta":{"jetpack_post_was_ever_published":false,"footnotes":""},"class_list":["post-272","page","type-page","status-publish","hentry"],"jetpack_sharing_enabled":true,"jetpack_shortlink":"https:\/\/wp.me\/P4R8YU-4o","jetpack-related-posts":[],"jetpack_likes_enabled":true,"_links":{"self":[{"href":"https:\/\/tmfwarszawa.pl\/index.php\/wp-json\/wp\/v2\/pages\/272","targetHints":{"allow":["GET"]}}],"collection":[{"href":"https:\/\/tmfwarszawa.pl\/index.php\/wp-json\/wp\/v2\/pages"}],"about":[{"href":"https:\/\/tmfwarszawa.pl\/index.php\/wp-json\/wp\/v2\/types\/page"}],"author":[{"embeddable":true,"href":"https:\/\/tmfwarszawa.pl\/index.php\/wp-json\/wp\/v2\/users\/1"}],"replies":[{"embeddable":true,"href":"https:\/\/tmfwarszawa.pl\/index.php\/wp-json\/wp\/v2\/comments?post=272"}],"version-history":[{"count":3,"href":"https:\/\/tmfwarszawa.pl\/index.php\/wp-json\/wp\/v2\/pages\/272\/revisions"}],"predecessor-version":[{"id":1565,"href":"https:\/\/tmfwarszawa.pl\/index.php\/wp-json\/wp\/v2\/pages\/272\/revisions\/1565"}],"up":[{"embeddable":true,"href":"https:\/\/tmfwarszawa.pl\/index.php\/wp-json\/wp\/v2\/pages\/275"}],"wp:attachment":[{"href":"https:\/\/tmfwarszawa.pl\/index.php\/wp-json\/wp\/v2\/media?parent=272"}],"curies":[{"name":"wp","href":"https:\/\/api.w.org\/{rel}","templated":true}]}}