{"id":309,"date":"2017-08-05T09:53:48","date_gmt":"2017-08-05T09:53:48","guid":{"rendered":"http:\/\/tmfwarszawa.pl\/?page_id=309"},"modified":"2019-02-09T22:59:51","modified_gmt":"2019-02-09T22:59:51","slug":"podziekowania-2015","status":"publish","type":"page","link":"https:\/\/tmfwarszawa.pl\/index.php\/archiwum\/sklad-druzyny-2015\/podziekowania-2015\/","title":{"rendered":"Podzi\u0119kowania 2015"},"content":{"rendered":"<div id=\"pl-309\"  class=\"panel-layout\" ><div id=\"pg-309-0\"  class=\"panel-grid panel-no-style\" ><div id=\"pgc-309-0-0\"  class=\"panel-grid-cell\" ><div id=\"panel-309-0-0-0\" class=\"so-panel widget widget_sow-editor panel-first-child panel-last-child\" data-index=\"0\" ><div\n\t\t\t\n\t\t\tclass=\"so-widget-sow-editor so-widget-sow-editor-base\"\n\t\t\t\n\t\t>\n<div class=\"siteorigin-widget-tinymce textwidget\">\n\t<p><strong>Pragniemy serdecznie podzi\u0119kowa\u0107 naszym darczy\u0144com, partnerom i sponsorom:<\/strong><\/p>\n<\/div>\n<\/div><\/div><\/div><\/div><div id=\"pg-309-1\"  class=\"panel-grid panel-no-style\" ><div id=\"pgc-309-1-0\"  class=\"panel-grid-cell\" ><div id=\"panel-309-1-0-0\" class=\"so-panel widget widget_sow-image panel-first-child panel-last-child\" data-index=\"1\" ><div\n\t\t\t\n\t\t\tclass=\"so-widget-sow-image so-widget-sow-image-default-8b5b6f678277-309\"\n\t\t\t\n\t\t>\n<div class=\"sow-image-container\">\n\t\t<img loading=\"lazy\" decoding=\"async\" src=\"https:\/\/i0.wp.com\/tmfwarszawa.pl\/wp-content\/uploads\/2017\/08\/2013-patronat-burmistrza-du%C5%BCy-z-nazwiskiem_12.jpg?fit=4133%2C1417&amp;ssl=1\" width=\"4133\" height=\"1417\" alt=\"\" \t\tclass=\"so-widget-image\"\/>\n\t<\/div>\n\n<\/div><\/div><\/div><div id=\"pgc-309-1-1\"  class=\"panel-grid-cell\" ><div id=\"panel-309-1-1-0\" class=\"so-panel widget widget_sow-editor panel-first-child panel-last-child\" data-index=\"2\" ><div\n\t\t\t\n\t\t\tclass=\"so-widget-sow-editor so-widget-sow-editor-base\"\n\t\t\t\n\t\t><h3 class=\"widget-title\">Burmistrz Pragi-Po\u0142udnie<\/h3>\n<div class=\"siteorigin-widget-tinymce textwidget\">\n\t<p>Serdecznie dzi\u0119kujemy za udzielony patronat nad nasz\u0105 dru\u017cyn\u0105. Pa\u0144stwa wsparcie pomog\u0142o nam uwierzy\u0107 w siebie i bez w\u0105tpienia przyczyni\u0142o si\u0119 do naszego sukcesu.<\/p>\n<\/div>\n<\/div><\/div><\/div><\/div><div id=\"pg-309-2\"  class=\"panel-grid panel-no-style\" ><div id=\"pgc-309-2-0\"  class=\"panel-grid-cell\" ><div id=\"panel-309-2-0-0\" class=\"so-panel widget widget_sow-image panel-first-child panel-last-child\" data-index=\"3\" ><div\n\t\t\t\n\t\t\tclass=\"so-widget-sow-image so-widget-sow-image-default-8b5b6f678277-309\"\n\t\t\t\n\t\t>\n<div class=\"sow-image-container\">\n\t\t<img loading=\"lazy\" decoding=\"async\" src=\"https:\/\/i0.wp.com\/tmfwarszawa.pl\/wp-content\/uploads\/2017\/08\/DarSerca.png?fit=220%2C220&amp;ssl=1\" width=\"220\" height=\"220\" srcset=\"https:\/\/i0.wp.com\/tmfwarszawa.pl\/wp-content\/uploads\/2017\/08\/DarSerca.png?w=220&amp;ssl=1 220w, https:\/\/i0.wp.com\/tmfwarszawa.pl\/wp-content\/uploads\/2017\/08\/DarSerca.png?resize=150%2C150&amp;ssl=1 150w, https:\/\/i0.wp.com\/tmfwarszawa.pl\/wp-content\/uploads\/2017\/08\/DarSerca.png?resize=60%2C60&amp;ssl=1 60w\" alt=\"\" \t\tclass=\"so-widget-image\"\/>\n\t<\/div>\n\n<\/div><\/div><\/div><div id=\"pgc-309-2-1\"  class=\"panel-grid-cell\" ><div id=\"panel-309-2-1-0\" class=\"so-panel widget widget_sow-editor panel-first-child panel-last-child\" data-index=\"4\" ><div\n\t\t\t\n\t\t\tclass=\"so-widget-sow-editor so-widget-sow-editor-base\"\n\t\t\t\n\t\t><h3 class=\"widget-title\">Fundacja Dar Serca<\/h3>\n<div class=\"siteorigin-widget-tinymce textwidget\">\n\t<p>Serdecznie dzi\u0119kujemy za udzielone wsparcie, kt\u00f3re pozwoli\u0142o pokry\u0107 koszty przygotowa\u0144 do zawod\u00f3w Mi\u0119dzynarodowy Turnieju M\u0142odych Fizyk\u00f3w.<\/p>\n<\/div>\n<\/div><\/div><\/div><\/div><div id=\"pg-309-3\"  class=\"panel-grid panel-no-style\" ><div id=\"pgc-309-3-0\"  class=\"panel-grid-cell\" ><div id=\"panel-309-3-0-0\" class=\"so-panel widget widget_sow-image panel-first-child panel-last-child\" data-index=\"5\" ><div\n\t\t\t\n\t\t\tclass=\"so-widget-sow-image so-widget-sow-image-default-8b5b6f678277-309\"\n\t\t\t\n\t\t>\n<div class=\"sow-image-container\">\n\t\t<img loading=\"lazy\" decoding=\"async\" src=\"https:\/\/i0.wp.com\/tmfwarszawa.pl\/wp-content\/uploads\/2017\/08\/fundacja_pzu_logo.jpg?fit=600%2C266&amp;ssl=1\" width=\"600\" height=\"266\" srcset=\"https:\/\/i0.wp.com\/tmfwarszawa.pl\/wp-content\/uploads\/2017\/08\/fundacja_pzu_logo.jpg?w=600&amp;ssl=1 600w, https:\/\/i0.wp.com\/tmfwarszawa.pl\/wp-content\/uploads\/2017\/08\/fundacja_pzu_logo.jpg?resize=300%2C133&amp;ssl=1 300w\" alt=\"\" \t\tclass=\"so-widget-image\"\/>\n\t<\/div>\n\n<\/div><\/div><\/div><div id=\"pgc-309-3-1\"  class=\"panel-grid-cell\" ><div id=\"panel-309-3-1-0\" class=\"so-panel widget widget_sow-editor panel-first-child panel-last-child\" data-index=\"6\" ><div\n\t\t\t\n\t\t\tclass=\"so-widget-sow-editor so-widget-sow-editor-base\"\n\t\t\t\n\t\t><h3 class=\"widget-title\">Fundaca PZU<\/h3>\n<div class=\"siteorigin-widget-tinymce textwidget\">\n\t<p>Serdecznie dzi\u0119kujemy za udzielone wsparcie, kt\u00f3re pozwoli\u0142o pokry\u0107 koszty wyjazdu naszej dru\u017cyny na zawody w Tailandii,<\/p>\n<\/div>\n<\/div><\/div><\/div><\/div><div id=\"pg-309-4\"  class=\"panel-grid panel-no-style\" ><div id=\"pgc-309-4-0\"  class=\"panel-grid-cell\" ><div id=\"panel-309-4-0-0\" class=\"so-panel widget widget_sow-image panel-first-child panel-last-child\" data-index=\"7\" ><div\n\t\t\t\n\t\t\tclass=\"so-widget-sow-image so-widget-sow-image-default-8b5b6f678277-309\"\n\t\t\t\n\t\t>\n<div class=\"sow-image-container\">\n\t\t<img loading=\"lazy\" decoding=\"async\" src=\"https:\/\/i0.wp.com\/tmfwarszawa.pl\/wp-content\/uploads\/2017\/08\/MNiSW.png?fit=388%2C130&amp;ssl=1\" width=\"388\" height=\"130\" srcset=\"https:\/\/i0.wp.com\/tmfwarszawa.pl\/wp-content\/uploads\/2017\/08\/MNiSW.png?w=388&amp;ssl=1 388w, https:\/\/i0.wp.com\/tmfwarszawa.pl\/wp-content\/uploads\/2017\/08\/MNiSW.png?resize=300%2C101&amp;ssl=1 300w\" alt=\"\" \t\tclass=\"so-widget-image\"\/>\n\t<\/div>\n\n<\/div><\/div><\/div><div id=\"pgc-309-4-1\"  class=\"panel-grid-cell\" ><div id=\"panel-309-4-1-0\" class=\"so-panel widget widget_sow-editor panel-first-child panel-last-child\" data-index=\"8\" ><div\n\t\t\t\n\t\t\tclass=\"so-widget-sow-editor so-widget-sow-editor-base\"\n\t\t\t\n\t\t><h3 class=\"widget-title\">Ministerstwo Nauki i Szkolnictw Wy\u017cszego<\/h3>\n<div class=\"siteorigin-widget-tinymce textwidget\">\n\t<p>Serdecznie dzi\u0119kujemy za udzielone wsparcie, kt\u00f3re pozwoli\u0142o pokry\u0107 koszty wyjazdu naszej dru\u017cyny na zawody w Tailandii.<\/p>\n<\/div>\n<\/div><\/div><\/div><\/div><div id=\"pg-309-5\"  class=\"panel-grid panel-no-style\" ><div id=\"pgc-309-5-0\"  class=\"panel-grid-cell\" ><div id=\"panel-309-5-0-0\" class=\"so-panel widget widget_sow-image panel-first-child panel-last-child\" data-index=\"9\" ><div\n\t\t\t\n\t\t\tclass=\"so-widget-sow-image so-widget-sow-image-default-8b5b6f678277-309\"\n\t\t\t\n\t\t>\n<div class=\"sow-image-container\">\n\t\t<img loading=\"lazy\" decoding=\"async\" src=\"https:\/\/i0.wp.com\/tmfwarszawa.pl\/wp-content\/uploads\/2017\/08\/npa-logo-1.png?fit=304%2C200&amp;ssl=1\" width=\"304\" height=\"200\" srcset=\"https:\/\/i0.wp.com\/tmfwarszawa.pl\/wp-content\/uploads\/2017\/08\/npa-logo-1.png?w=304&amp;ssl=1 304w, https:\/\/i0.wp.com\/tmfwarszawa.pl\/wp-content\/uploads\/2017\/08\/npa-logo-1.png?resize=300%2C197&amp;ssl=1 300w\" alt=\"\" \t\tclass=\"so-widget-image\"\/>\n\t<\/div>\n\n<\/div><\/div><\/div><div id=\"pgc-309-5-1\"  class=\"panel-grid-cell\" ><div id=\"panel-309-5-1-0\" class=\"so-panel widget widget_sow-editor panel-first-child panel-last-child\" data-index=\"10\" ><div\n\t\t\t\n\t\t\tclass=\"so-widget-sow-editor so-widget-sow-editor-base\"\n\t\t\t\n\t\t><h3 class=\"widget-title\">NPA Skawina<\/h3>\n<div class=\"siteorigin-widget-tinymce textwidget\">\n\t<p>Serdecznie dzi\u0119kujemy za przygotowanie ubioru naszej reprezentacji oraz ufundowanie szczepie\u0144,<\/p>\n<\/div>\n<\/div><\/div><\/div><\/div><div id=\"pg-309-6\"  class=\"panel-grid panel-no-style\" ><div id=\"pgc-309-6-0\"  class=\"panel-grid-cell\" ><div id=\"panel-309-6-0-0\" class=\"so-panel widget widget_sow-image panel-first-child panel-last-child\" data-index=\"11\" ><div\n\t\t\t\n\t\t\tclass=\"so-widget-sow-image so-widget-sow-image-default-8b5b6f678277-309\"\n\t\t\t\n\t\t>\n<div class=\"sow-image-container\">\n\t\t<img loading=\"lazy\" decoding=\"async\" src=\"https:\/\/i0.wp.com\/tmfwarszawa.pl\/wp-content\/uploads\/2017\/08\/swing.png?fit=1331%2C503&amp;ssl=1\" width=\"1331\" height=\"503\" srcset=\"https:\/\/i0.wp.com\/tmfwarszawa.pl\/wp-content\/uploads\/2017\/08\/swing.png?w=1331&amp;ssl=1 1331w, https:\/\/i0.wp.com\/tmfwarszawa.pl\/wp-content\/uploads\/2017\/08\/swing.png?resize=300%2C113&amp;ssl=1 300w, https:\/\/i0.wp.com\/tmfwarszawa.pl\/wp-content\/uploads\/2017\/08\/swing.png?resize=768%2C290&amp;ssl=1 768w, https:\/\/i0.wp.com\/tmfwarszawa.pl\/wp-content\/uploads\/2017\/08\/swing.png?resize=1024%2C387&amp;ssl=1 1024w\" alt=\"\" \t\tclass=\"so-widget-image\"\/>\n\t<\/div>\n\n<\/div><\/div><\/div><div id=\"pgc-309-6-1\"  class=\"panel-grid-cell\" ><div id=\"panel-309-6-1-0\" class=\"so-panel widget widget_sow-editor panel-first-child panel-last-child\" data-index=\"12\" ><div\n\t\t\t\n\t\t\tclass=\"so-widget-sow-editor so-widget-sow-editor-base\"\n\t\t\t\n\t\t><h3 class=\"widget-title\">SwingDev<\/h3>\n<div class=\"siteorigin-widget-tinymce textwidget\">\n\t<p>Serdecznie dzi\u0119kujemy za wsparcie, kt\u00f3re pozwoli\u0142o pokry\u0107 koszty remontu naszego laboratorium,<\/p>\n<\/div>\n<\/div><\/div><\/div><\/div><div id=\"pg-309-7\"  class=\"panel-grid panel-no-style\" ><div id=\"pgc-309-7-0\"  class=\"panel-grid-cell\" ><div id=\"panel-309-7-0-0\" class=\"so-panel widget widget_sow-image panel-first-child panel-last-child\" data-index=\"13\" ><div\n\t\t\t\n\t\t\tclass=\"so-widget-sow-image so-widget-sow-image-default-8b5b6f678277-309\"\n\t\t\t\n\t\t>\n<div class=\"sow-image-container\">\n\t\t<img loading=\"lazy\" decoding=\"async\" src=\"https:\/\/i0.wp.com\/tmfwarszawa.pl\/wp-content\/uploads\/2017\/08\/baner_biuroedukacji.jpg?fit=230%2C80&amp;ssl=1\" width=\"230\" height=\"80\" alt=\"\" \t\tclass=\"so-widget-image\"\/>\n\t<\/div>\n\n<\/div><\/div><\/div><div id=\"pgc-309-7-1\"  class=\"panel-grid-cell\" ><div id=\"panel-309-7-1-0\" class=\"so-panel widget widget_sow-editor panel-first-child panel-last-child\" data-index=\"14\" ><div\n\t\t\t\n\t\t\tclass=\"so-widget-sow-editor so-widget-sow-editor-base\"\n\t\t\t\n\t\t><h3 class=\"widget-title\">Biuro Edukacji M. St. Warszawy<\/h3>\n<div class=\"siteorigin-widget-tinymce textwidget\">\n\t<p>Serdecznie dzi\u0119kujemy za udzielone wsparcie. Pa\u0144stwa pomoc umo\u017cliwi\u0142a uczniom zapoznanie si\u0119 z zasadami pisania publikacji naukowych i pomog\u0142a podsumowa\u0107 rok ci\u0119\u017ckiej pracy dru\u017cyny.<\/p>\n<\/div>\n<\/div><\/div><\/div><\/div><div id=\"pg-309-8\"  class=\"panel-grid panel-no-style\" ><div id=\"pgc-309-8-0\"  class=\"panel-grid-cell\" ><div id=\"panel-309-8-0-0\" class=\"so-panel widget widget_sow-editor panel-first-child panel-last-child\" data-index=\"15\" ><div\n\t\t\t\n\t\t\tclass=\"so-widget-sow-editor so-widget-sow-editor-base\"\n\t\t\t\n\t\t>\n<div class=\"siteorigin-widget-tinymce textwidget\">\n\t<p><strong>Dzi\u0119kujemy tak\u017ce wszystkim osobom, kt\u00f3re wspiera\u0142y nasz\u0105 dru\u017cyn\u0119 w przygotowaniach!<\/strong><\/p>\n<\/div>\n<\/div><\/div><\/div><\/div><\/div>","protected":false},"excerpt":{"rendered":"<p>Pragniemy serdecznie podzi\u0119kowa\u0107 naszym darczy\u0144com, partnerom i sponsorom: Serdecznie dzi\u0119kujemy za udzielony patronat nad nasz\u0105 dru\u017cyn\u0105. Pa\u0144stwa wsparcie pomog\u0142o nam uwierzy\u0107 w siebie i bez w\u0105tpienia przyczyni\u0142o si\u0119 do naszego sukcesu.<\/p>\n","protected":false},"author":1,"featured_media":0,"parent":275,"menu_order":0,"comment_status":"closed","ping_status":"closed","template":"","meta":{"jetpack_post_was_ever_published":false,"footnotes":""},"class_list":["post-309","page","type-page","status-publish","hentry"],"jetpack_sharing_enabled":true,"jetpack_shortlink":"https:\/\/wp.me\/P4R8YU-4Z","jetpack-related-posts":[],"jetpack_likes_enabled":true,"_links":{"self":[{"href":"https:\/\/tmfwarszawa.pl\/index.php\/wp-json\/wp\/v2\/pages\/309","targetHints":{"allow":["GET"]}}],"collection":[{"href":"https:\/\/tmfwarszawa.pl\/index.php\/wp-json\/wp\/v2\/pages"}],"about":[{"href":"https:\/\/tmfwarszawa.pl\/index.php\/wp-json\/wp\/v2\/types\/page"}],"author":[{"embeddable":true,"href":"https:\/\/tmfwarszawa.pl\/index.php\/wp-json\/wp\/v2\/users\/1"}],"replies":[{"embeddable":true,"href":"https:\/\/tmfwarszawa.pl\/index.php\/wp-json\/wp\/v2\/comments?post=309"}],"version-history":[{"count":12,"href":"https:\/\/tmfwarszawa.pl\/index.php\/wp-json\/wp\/v2\/pages\/309\/revisions"}],"predecessor-version":[{"id":1586,"href":"https:\/\/tmfwarszawa.pl\/index.php\/wp-json\/wp\/v2\/pages\/309\/revisions\/1586"}],"up":[{"embeddable":true,"href":"https:\/\/tmfwarszawa.pl\/index.php\/wp-json\/wp\/v2\/pages\/275"}],"wp:attachment":[{"href":"https:\/\/tmfwarszawa.pl\/index.php\/wp-json\/wp\/v2\/media?parent=309"}],"curies":[{"name":"wp","href":"https:\/\/api.w.org\/{rel}","templated":true}]}}