{"id":337,"date":"2017-08-05T10:08:37","date_gmt":"2017-08-05T10:08:37","guid":{"rendered":"http:\/\/tmfwarszawa.pl\/?page_id=337"},"modified":"2017-08-05T10:08:37","modified_gmt":"2017-08-05T10:08:37","slug":"wyniki-2016","status":"publish","type":"page","link":"https:\/\/tmfwarszawa.pl\/index.php\/archiwum\/sklad-druzyny-2016\/wyniki-2016\/","title":{"rendered":"Wyniki 2016"},"content":{"rendered":"<p>Poni\u017cej znajduj\u0105 si\u0119 daty kolejnych etap\u00f3w turnieju wraz z wynikami.<\/p>\n<h3>Etap korespondencyjny:<\/h3>\n<p><strong>Data: 15\u00a0stycznia.<\/strong><\/p>\n<h3>P\u00f3\u0142fina\u0142y:<\/h3>\n<p>Warszawa:\u00a0<strong>27 lutego<\/strong>\u00a0w Warszawie (Instytut Fizyki Polskiej Akademii Nauk)<\/p>\n<ul>\n<li>I miejsce \u2013 Klub Naukowy Fenix, Warszawa,<\/li>\n<li>II miejsce \u2013 VIII Liceum Og\u00f3lnokszta\u0142c\u0105ce im KEN w Gda\u0144sku,<\/li>\n<li>III miejsce \u2013\u00a0I Liceum Og\u00f3lnokszta\u0142c\u0105ce im. Boles\u0142awa Krzywoustego (Szarych98),\u00a0S\u0142upsk,<\/li>\n<li>IV miejsce \u2013\u00a0Klub Amator\u00f3w Odkrywc\u00f3w Nauki, Biecz.<\/li>\n<\/ul>\n<p>Wroc\u0142aw:\u00a0<strong>1\u00a0marca<\/strong>\u00a0we Wroc\u0142awiu (Instytut Fizyki Do\u015bwiadczalnej\u00a0Uniwersytetu Wroc\u0142awskiego)<\/p>\n<ul>\n<li>I miejsce \u2013 V Liceum Og\u00f3lnokszta\u0142c\u0105ce im. Augusta Witkowskiego, Krak\u00f3w,<\/li>\n<li>II miejsce \u2013 Zesp\u00f3\u0142 Szk\u00f3\u0142 Og\u00f3lnokszta\u0142c\u0105cych Nr 5, Wroc\u0142aw,<\/li>\n<li>III miejsce \u2013 IV Liceum Og\u00f3lnokszta\u0142c\u0105ce im. Tadeusza Ko\u015bciuszki, Toru\u0144,<\/li>\n<li>IV miejsce \u2013\u00a0VII Liceum Og\u00f3lnokszta\u0142c\u0105ce im. D\u0105br\u00f3wki, Pozna\u0144.<\/li>\n<\/ul>\n<h3>Fina\u0142y polskie:<\/h3>\n<p><strong>Data: 9 kwietnia.<\/strong><\/p>\n<table  class=\" table table-hover\" border=\"1\" width=\"100%\" cellspacing=\"1\" cellpadding=\"1\">\n<tbody>\n<tr>\n<td colspan=\"1\" rowspan=\"2\"><\/td>\n<td colspan=\"2\" rowspan=\"1\">Potyczka<\/td>\n<td colspan=\"1\" rowspan=\"2\">Ca\u0142kowita suma\u00a0punkt\u00f3w<\/td>\n<\/tr>\n<tr>\n<td>I<\/td>\n<td>II<\/td>\n<\/tr>\n<tr>\n<td>1. Klub Naukowy Fenix, Warszawa<\/td>\n<td>44.6<\/td>\n<td>46.4<\/td>\n<td>91.0<\/td>\n<\/tr>\n<tr>\n<td>2.\u00a0V Liceum Og\u00f3lnokszta\u0142c\u0105ce im. Augusta Witkowskiego, Krak\u00f3w<\/td>\n<td>44.3<\/td>\n<td>40.1<\/td>\n<td>84.4<\/td>\n<\/tr>\n<tr>\n<td>3.\u00a0Zesp\u00f3\u0142 Szk\u00f3\u0142 Og\u00f3lnokszta\u0142c\u0105cych Nr 5, Wroc\u0142aw<\/td>\n<td>41.5<\/td>\n<td>38.6<\/td>\n<td>80.1<\/td>\n<\/tr>\n<tr>\n<td>4. VIII Liceum Og\u00f3lnokszta\u0142c\u0105ce im KEN w Gda\u0144sku<\/td>\n<td>31.7<\/td>\n<td>34.8<\/td>\n<td>66.5<\/td>\n<\/tr>\n<\/tbody>\n<\/table>\n<h3>Fina\u0142y mi\u0119dzynarodowe (<strong>27 czerwca \u2013 3 lipca 2015)<\/strong>:<\/h3>\n<p>Dru\u017cyna z Polski reprezentowana przez cz\u0142onk\u00f3w Klubu Naukowego Fenix zdoby\u0142a <strong>br\u0105zowy<\/strong>\u00a0<b>medal<\/b>\u00a0i zaj\u0119\u0142a 13 miejsce w fina\u0142ach Mi\u0119dzynarodowego Turnieju M\u0142odych Fizyk\u00f3w. szczeg\u00f3\u0142owe wyniki s\u0105 dost\u0119pne\u00a0<a href=\"http:\/\/results.iypt.org\/IYPT2015\/\">tutaj<\/a>. <\/p>\n","protected":false},"excerpt":{"rendered":"<p>Poni\u017cej znajduj\u0105 si\u0119 daty kolejnych etap\u00f3w turnieju wraz z wynikami. Etap korespondencyjny: Data: 15\u00a0stycznia. P\u00f3\u0142fina\u0142y: Warszawa:\u00a027 lutego\u00a0w Warszawie (Instytut Fizyki Polskiej Akademii Nauk) I miejsce \u2013 Klub Naukowy Fenix, Warszawa, II miejsce \u2013 VIII Liceum Og\u00f3lnokszta\u0142c\u0105ce im KEN w Gda\u0144sku, III miejsce \u2013\u00a0I Liceum Og\u00f3lnokszta\u0142c\u0105ce im. Boles\u0142awa Krzywoustego (Szarych98),\u00a0S\u0142upsk, IV miejsce \u2013\u00a0Klub Amator\u00f3w Odkrywc\u00f3w Nauki, [&hellip;]<\/p>\n","protected":false},"author":1,"featured_media":0,"parent":335,"menu_order":0,"comment_status":"closed","ping_status":"closed","template":"","meta":{"jetpack_post_was_ever_published":false,"footnotes":""},"class_list":["post-337","page","type-page","status-publish","hentry"],"jetpack_sharing_enabled":true,"jetpack_shortlink":"https:\/\/wp.me\/P4R8YU-5r","jetpack-related-posts":[],"jetpack_likes_enabled":true,"_links":{"self":[{"href":"https:\/\/tmfwarszawa.pl\/index.php\/wp-json\/wp\/v2\/pages\/337","targetHints":{"allow":["GET"]}}],"collection":[{"href":"https:\/\/tmfwarszawa.pl\/index.php\/wp-json\/wp\/v2\/pages"}],"about":[{"href":"https:\/\/tmfwarszawa.pl\/index.php\/wp-json\/wp\/v2\/types\/page"}],"author":[{"embeddable":true,"href":"https:\/\/tmfwarszawa.pl\/index.php\/wp-json\/wp\/v2\/users\/1"}],"replies":[{"embeddable":true,"href":"https:\/\/tmfwarszawa.pl\/index.php\/wp-json\/wp\/v2\/comments?post=337"}],"version-history":[{"count":1,"href":"https:\/\/tmfwarszawa.pl\/index.php\/wp-json\/wp\/v2\/pages\/337\/revisions"}],"predecessor-version":[{"id":338,"href":"https:\/\/tmfwarszawa.pl\/index.php\/wp-json\/wp\/v2\/pages\/337\/revisions\/338"}],"up":[{"embeddable":true,"href":"https:\/\/tmfwarszawa.pl\/index.php\/wp-json\/wp\/v2\/pages\/335"}],"wp:attachment":[{"href":"https:\/\/tmfwarszawa.pl\/index.php\/wp-json\/wp\/v2\/media?parent=337"}],"curies":[{"name":"wp","href":"https:\/\/api.w.org\/{rel}","templated":true}]}}